Last updated on 2025-07-24 01:50:21 CEST.
Flavor | Version | Tinstall | Tcheck | Ttotal | Status | Flags |
---|---|---|---|---|---|---|
r-devel-linux-x86_64-debian-clang | 1.0.0 | 2.71 | 54.71 | 57.42 | NOTE | |
r-devel-linux-x86_64-debian-gcc | 1.0.0 | 2.05 | 38.71 | 40.76 | NOTE | |
r-devel-linux-x86_64-fedora-clang | 1.0.0 | 98.97 | NOTE | |||
r-devel-linux-x86_64-fedora-gcc | 1.0.0 | 89.12 | NOTE | |||
r-devel-windows-x86_64 | 1.0.0 | 3.00 | 65.00 | 68.00 | NOTE | |
r-patched-linux-x86_64 | 1.0.0 | 2.80 | 53.66 | 56.46 | NOTE | |
r-release-linux-x86_64 | 1.0.0 | 2.45 | 53.65 | 56.10 | NOTE | |
r-release-macos-arm64 | 1.0.0 | 30.00 | NOTE | |||
r-release-macos-x86_64 | 1.0.0 | 72.00 | NOTE | |||
r-release-windows-x86_64 | 1.0.0 | 4.00 | 72.00 | 76.00 | NOTE | |
r-oldrel-macos-arm64 | 1.0.0 | 27.00 | NOTE | |||
r-oldrel-macos-x86_64 | 1.0.0 | 50.00 | NOTE | |||
r-oldrel-windows-x86_64 | 1.0.0 | 4.00 | 84.00 | 88.00 | NOTE |
Version: 1.0.0
Check: Rd files
Result: NOTE
checkRd: (-1) GCTF.Rd:56: Lost braces; missing escapes or markup?
56 | U : A matrix which has N-rows and J-columns (J < {N, M}).
| ^
checkRd: (-1) GCTF.Rd:57: Lost braces; missing escapes or markup?
57 | V : A matrix which has M-rows and J-columns (J < {N, M}).
| ^
checkRd: (-1) GCTF.Rd:58: Lost braces; missing escapes or markup?
58 | J : The number of dimension (J < {N, M}).
| ^
Flavors: r-devel-linux-x86_64-debian-clang, r-devel-linux-x86_64-debian-gcc, r-devel-linux-x86_64-fedora-clang, r-devel-linux-x86_64-fedora-gcc, r-devel-windows-x86_64, r-patched-linux-x86_64, r-release-linux-x86_64, r-release-macos-arm64, r-release-macos-x86_64, r-release-windows-x86_64, r-oldrel-macos-arm64, r-oldrel-macos-x86_64, r-oldrel-windows-x86_64
These binaries (installable software) and packages are in development.
They may not be fully stable and should be used with caution. We make no claims about them.