Last updated on 2025-11-13 21:49:57 CET.
| Flavor | Version | Tinstall | Tcheck | Ttotal | Status | Flags |
|---|---|---|---|---|---|---|
| r-devel-linux-x86_64-debian-clang | 1.0.0 | 2.90 | 58.58 | 61.48 | NOTE | |
| r-devel-linux-x86_64-debian-gcc | 1.0.0 | 2.14 | 39.64 | 41.78 | NOTE | |
| r-devel-linux-x86_64-fedora-clang | 1.0.0 | 13.00 | 88.30 | 101.30 | NOTE | |
| r-devel-linux-x86_64-fedora-gcc | 1.0.0 | 87.95 | NOTE | |||
| r-devel-windows-x86_64 | 1.0.0 | 5.00 | 74.00 | 79.00 | NOTE | |
| r-patched-linux-x86_64 | 1.0.0 | 2.76 | 55.56 | 58.32 | NOTE | |
| r-release-linux-x86_64 | 1.0.0 | 2.86 | 54.90 | 57.76 | NOTE | |
| r-release-macos-arm64 | 1.0.0 | 2.00 | 28.00 | 30.00 | NOTE | |
| r-release-macos-x86_64 | 1.0.0 | 3.00 | 69.00 | 72.00 | NOTE | |
| r-release-windows-x86_64 | 1.0.0 | 6.00 | 66.00 | 72.00 | NOTE | |
| r-oldrel-macos-arm64 | 1.0.0 | 2.00 | 25.00 | 27.00 | NOTE | |
| r-oldrel-macos-x86_64 | 1.0.0 | 3.00 | 47.00 | 50.00 | NOTE | |
| r-oldrel-windows-x86_64 | 1.0.0 | 3.00 | 80.00 | 83.00 | NOTE |
Version: 1.0.0
Check: Rd files
Result: NOTE
checkRd: (-1) GCTF.Rd:56: Lost braces; missing escapes or markup?
56 | U : A matrix which has N-rows and J-columns (J < {N, M}).
| ^
checkRd: (-1) GCTF.Rd:57: Lost braces; missing escapes or markup?
57 | V : A matrix which has M-rows and J-columns (J < {N, M}).
| ^
checkRd: (-1) GCTF.Rd:58: Lost braces; missing escapes or markup?
58 | J : The number of dimension (J < {N, M}).
| ^
Flavors: r-devel-linux-x86_64-debian-clang, r-devel-linux-x86_64-debian-gcc, r-devel-linux-x86_64-fedora-clang, r-devel-linux-x86_64-fedora-gcc, r-devel-windows-x86_64, r-patched-linux-x86_64, r-release-linux-x86_64, r-release-macos-arm64, r-release-macos-x86_64, r-release-windows-x86_64, r-oldrel-macos-arm64, r-oldrel-macos-x86_64, r-oldrel-windows-x86_64
These binaries (installable software) and packages are in development.
They may not be fully stable and should be used with caution. We make no claims about them.