CRAN Package Check Results for Package gcbd

Last updated on 2025-05-08 04:52:05 CEST.

Flavor Version Tinstall Tcheck Ttotal Status Flags
r-devel-linux-x86_64-debian-clang 0.2.7 8.97 67.22 76.19 OK --no-vignettes
r-devel-linux-x86_64-debian-gcc 0.2.7 6.64 51.09 57.73 OK --no-vignettes
r-devel-linux-x86_64-fedora-clang 0.2.7 128.27 OK --no-vignettes
r-devel-linux-x86_64-fedora-gcc 0.2.7 121.26 OK --no-vignettes
r-patched-linux-x86_64 0.2.7 8.83 65.15 73.98 OK --no-vignettes
r-release-linux-x86_64 0.2.7 8.58 64.35 72.93 OK --no-vignettes
r-release-macos-arm64 0.2.7 57.00 OK
r-release-macos-x86_64 0.2.7 100.00 OK
r-oldrel-macos-arm64 0.2.7 49.00 NOTE
r-oldrel-macos-x86_64 0.2.7 85.00 NOTE

Check Details

Version: 0.2.7
Check: package dependencies
Result: NOTE Package suggested but not available for checking: ‘gputools’ Flavors: r-oldrel-macos-arm64, r-oldrel-macos-x86_64

These binaries (installable software) and packages are in development.
They may not be fully stable and should be used with caution. We make no claims about them.