Last updated on 2025-11-22 19:50:30 CET.
| Flavor | Version | Tinstall | Tcheck | Ttotal | Status | Flags |
|---|---|---|---|---|---|---|
| r-devel-linux-x86_64-debian-clang | 0.2.7 | 9.24 | 68.13 | 77.37 | OK | --no-vignettes |
| r-devel-linux-x86_64-debian-gcc | 0.2.7 | 7.13 | 50.07 | 57.20 | OK | --no-vignettes |
| r-devel-linux-x86_64-fedora-clang | 0.2.7 | 30.00 | 93.34 | 123.34 | OK | --no-vignettes |
| r-devel-linux-x86_64-fedora-gcc | 0.2.7 | 16.00 | 96.73 | 112.73 | OK | --no-vignettes |
| r-patched-linux-x86_64 | 0.2.7 | 8.00 | 65.78 | 73.78 | OK | --no-vignettes |
| r-release-linux-x86_64 | 0.2.7 | 8.25 | 66.35 | 74.60 | OK | --no-vignettes |
| r-release-macos-arm64 | 0.2.7 | OK | ||||
| r-release-macos-x86_64 | 0.2.7 | 9.00 | 91.00 | 100.00 | OK | |
| r-oldrel-macos-arm64 | 0.2.7 | NOTE | ||||
| r-oldrel-macos-x86_64 | 0.2.7 | 8.00 | 77.00 | 85.00 | NOTE |
Version: 0.2.7
Check: package dependencies
Result: NOTE
Package suggested but not available for checking: ‘gputools’
Flavors: r-oldrel-macos-arm64, r-oldrel-macos-x86_64
These binaries (installable software) and packages are in development.
They may not be fully stable and should be used with caution. We make no claims about them.