Last updated on 2025-10-24 05:50:40 CEST.
| Flavor | Version | Tinstall | Tcheck | Ttotal | Status | Flags |
|---|---|---|---|---|---|---|
| r-devel-linux-x86_64-debian-clang | 0.11.0 | 3.95 | 40.15 | 44.10 | NOTE | |
| r-devel-linux-x86_64-debian-gcc | 0.11.0 | 3.01 | 30.41 | 33.42 | OK | |
| r-devel-linux-x86_64-fedora-clang | 0.11.0 | 11.00 | 55.39 | 66.39 | OK | |
| r-devel-linux-x86_64-fedora-gcc | 0.11.0 | 62.06 | OK | |||
| r-devel-windows-x86_64 | 0.11.0 | 6.00 | 57.00 | 63.00 | OK | |
| r-patched-linux-x86_64 | 0.11.0 | 3.51 | 37.11 | 40.62 | OK | |
| r-release-linux-x86_64 | 0.11.0 | 4.12 | 36.89 | 41.01 | OK | |
| r-release-macos-arm64 | 0.11.0 | 3.00 | 21.00 | 24.00 | OK | |
| r-release-macos-x86_64 | 0.11.0 | 4.00 | 38.00 | 42.00 | OK | |
| r-release-windows-x86_64 | 0.11.0 | 7.00 | 59.00 | 66.00 | OK | |
| r-oldrel-macos-arm64 | 0.11.0 | 2.00 | 26.00 | 28.00 | OK | |
| r-oldrel-macos-x86_64 | 0.11.0 | 4.00 | 41.00 | 45.00 | OK | |
| r-oldrel-windows-x86_64 | 0.11.0 | 8.00 | 69.00 | 77.00 | OK |
Version: 0.11.0
Check: HTML version of manual
Result: NOTE
Found the following HTML validation problems:
gcite_wordcloud.html:64:1 (gcite_wordcloud.Rd:21): Warning: missing </ul> before </div>
Flavor: r-devel-linux-x86_64-debian-clang
These binaries (installable software) and packages are in development.
They may not be fully stable and should be used with caution. We make no claims about them.