Last updated on 2025-02-16 10:50:46 CET.
Flavor | Version | Tinstall | Tcheck | Ttotal | Status | Flags |
---|---|---|---|---|---|---|
r-devel-linux-x86_64-debian-clang | 1.3.2 | 2.37 | 30.68 | 33.05 | NOTE | |
r-devel-linux-x86_64-debian-gcc | 1.3.2 | 1.88 | 24.24 | 26.12 | NOTE | |
r-devel-linux-x86_64-fedora-clang | 1.3.2 | 57.06 | OK | |||
r-devel-linux-x86_64-fedora-gcc | 1.3.2 | 65.08 | OK | |||
r-devel-macos-arm64 | 1.3.2 | 27.00 | OK | |||
r-devel-macos-x86_64 | 1.3.2 | 50.00 | OK | |||
r-devel-windows-x86_64 | 1.3.2 | 5.00 | 56.00 | 61.00 | NOTE | |
r-patched-linux-x86_64 | 1.3.2 | 2.48 | 29.32 | 31.80 | OK | |
r-release-linux-x86_64 | 1.3.2 | 2.25 | 29.65 | 31.90 | OK | |
r-release-macos-arm64 | 1.3.2 | 34.00 | OK | |||
r-release-macos-x86_64 | 1.3.2 | 37.00 | OK | |||
r-release-windows-x86_64 | 1.3.2 | 4.00 | 63.00 | 67.00 | OK | |
r-oldrel-macos-arm64 | 1.3.2 | 24.00 | OK | |||
r-oldrel-macos-x86_64 | 1.3.2 | 37.00 | OK | |||
r-oldrel-windows-x86_64 | 1.3.2 | 4.00 | 64.00 | 68.00 | OK |
Version: 1.3.2
Check: Rd cross-references
Result: NOTE
Found the following Rd file(s) with Rd \link{} targets missing package
anchors:
ac.Rd: agnes, silhouette
cparcoord.Rd: parcoord
Please provide package anchors for all Rd \link{} targets not in the
package itself and the base packages.
Flavors: r-devel-linux-x86_64-debian-clang, r-devel-linux-x86_64-debian-gcc, r-devel-windows-x86_64
These binaries (installable software) and packages are in development.
They may not be fully stable and should be used with caution. We make no claims about them.