Last updated on 2025-02-16 10:50:46 CET.
Flavor | Version | Tinstall | Tcheck | Ttotal | Status | Flags |
---|---|---|---|---|---|---|
r-devel-linux-x86_64-debian-clang | 1.2.5 | 3.93 | 36.18 | 40.11 | NOTE | |
r-devel-linux-x86_64-debian-gcc | 1.2.5 | 3.01 | 29.17 | 32.18 | NOTE | |
r-devel-linux-x86_64-fedora-clang | 1.2.5 | 65.58 | NOTE | |||
r-devel-linux-x86_64-fedora-gcc | 1.2.5 | 58.60 | NOTE | |||
r-devel-macos-arm64 | 1.2.5 | 23.00 | NOTE | |||
r-devel-macos-x86_64 | 1.2.5 | 40.00 | NOTE | |||
r-devel-windows-x86_64 | 1.2.5 | 6.00 | 57.00 | 63.00 | NOTE | |
r-patched-linux-x86_64 | 1.2.5 | 4.58 | 34.83 | 39.41 | NOTE | |
r-release-linux-x86_64 | 1.2.5 | 4.16 | 34.45 | 38.61 | NOTE | |
r-release-macos-arm64 | 1.2.5 | 21.00 | NOTE | |||
r-release-macos-x86_64 | 1.2.5 | 32.00 | NOTE | |||
r-release-windows-x86_64 | 1.2.5 | 5.00 | 52.00 | 57.00 | NOTE | |
r-oldrel-macos-arm64 | 1.2.5 | 27.00 | OK | |||
r-oldrel-macos-x86_64 | 1.2.5 | 54.00 | OK | |||
r-oldrel-windows-x86_64 | 1.2.5 | 6.00 | 61.00 | 67.00 | OK |
Version: 1.2.5
Check: Rd files
Result: NOTE
checkRd: (-1) nearblack.Rd:30: Lost braces
30 | code{infile=}, indicating that the input file should be
| ^
Flavors: r-devel-linux-x86_64-debian-clang, r-devel-linux-x86_64-debian-gcc, r-devel-linux-x86_64-fedora-clang, r-devel-linux-x86_64-fedora-gcc, r-devel-macos-arm64, r-devel-macos-x86_64, r-devel-windows-x86_64, r-patched-linux-x86_64, r-release-linux-x86_64, r-release-macos-arm64, r-release-macos-x86_64, r-release-windows-x86_64
These binaries (installable software) and packages are in development.
They may not be fully stable and should be used with caution. We make no claims about them.