Last updated on 2025-07-19 21:49:36 CEST.
Flavor | Version | Tinstall | Tcheck | Ttotal | Status | Flags |
---|---|---|---|---|---|---|
r-devel-linux-x86_64-debian-clang | 0.7.1 | 333.00 | 139.52 | 472.52 | OK | |
r-devel-linux-x86_64-debian-gcc | 0.7.1 | 268.45 | 101.07 | 369.52 | OK | |
r-devel-linux-x86_64-fedora-clang | 0.7.1 | 781.95 | OK | |||
r-devel-linux-x86_64-fedora-gcc | 0.7.1 | 1028.58 | OK | |||
r-devel-windows-x86_64 | 0.7.1 | 348.00 | 697.00 | 1045.00 | OK | |
r-patched-linux-x86_64 | 0.7.1 | 365.65 | 134.08 | 499.73 | OK | |
r-release-linux-x86_64 | 0.7.1 | 357.08 | 134.86 | 491.94 | OK | |
r-release-macos-arm64 | 0.7.1 | 208.00 | OK | |||
r-release-macos-x86_64 | 0.7.1 | 275.00 | OK | |||
r-release-windows-x86_64 | 0.7.1 | 361.00 | 665.00 | 1026.00 | OK | |
r-oldrel-macos-arm64 | 0.7.1 | 215.00 | NOTE | |||
r-oldrel-macos-x86_64 | 0.7.1 | 305.00 | NOTE | |||
r-oldrel-windows-x86_64 | 0.7.1 | 372.00 | 875.00 | 1247.00 | NOTE |
Version: 0.7.1
Check: installed package size
Result: NOTE
installed size is 97.3Mb
sub-directories of 1Mb or more:
L8NY18 2.2Mb
libs 93.8Mb
Flavors: r-oldrel-macos-arm64, r-oldrel-macos-x86_64, r-oldrel-windows-x86_64
These binaries (installable software) and packages are in development.
They may not be fully stable and should be used with caution. We make no claims about them.