Last updated on 2025-02-16 10:50:46 CET.
Flavor | Version | Tinstall | Tcheck | Ttotal | Status | Flags |
---|---|---|---|---|---|---|
r-devel-linux-x86_64-debian-clang | 0.7.0 | 328.13 | 137.63 | 465.76 | OK | |
r-devel-linux-x86_64-debian-gcc | 0.7.0 | 267.01 | 99.38 | 366.39 | OK | |
r-devel-linux-x86_64-fedora-clang | 0.7.0 | 839.25 | OK | |||
r-devel-linux-x86_64-fedora-gcc | 0.7.0 | 978.94 | OK | |||
r-devel-macos-arm64 | 0.7.0 | 210.00 | OK | |||
r-devel-macos-x86_64 | 0.7.0 | 335.00 | OK | |||
r-devel-windows-x86_64 | 0.7.0 | 324.00 | 690.00 | 1014.00 | OK | |
r-patched-linux-x86_64 | 0.7.0 | 368.90 | 128.11 | 497.01 | OK | |
r-release-linux-x86_64 | 0.7.0 | 363.80 | 128.76 | 492.56 | OK | |
r-release-macos-arm64 | 0.7.0 | 204.00 | NOTE | |||
r-release-macos-x86_64 | 0.7.0 | 268.00 | NOTE | |||
r-release-windows-x86_64 | 0.7.0 | 330.00 | 660.00 | 990.00 | NOTE | |
r-oldrel-macos-arm64 | 0.7.0 | 263.00 | NOTE | |||
r-oldrel-macos-x86_64 | 0.7.0 | 392.00 | NOTE | |||
r-oldrel-windows-x86_64 | 0.7.0 | 345.00 | 782.00 | 1127.00 | NOTE |
Version: 0.7.0
Check: installed package size
Result: NOTE
installed size is 278.2Mb
sub-directories of 1Mb or more:
L8NY18 2.2Mb
libs 274.7Mb
Flavors: r-release-macos-arm64, r-release-macos-x86_64, r-release-windows-x86_64, r-oldrel-macos-arm64, r-oldrel-macos-x86_64, r-oldrel-windows-x86_64
These binaries (installable software) and packages are in development.
They may not be fully stable and should be used with caution. We make no claims about them.