Last updated on 2024-07-27 15:50:18 CEST.
Flavor | Version | Tinstall | Tcheck | Ttotal | Status | Flags |
---|---|---|---|---|---|---|
r-devel-linux-x86_64-debian-clang | 1.11.1 | 149.77 | 157.76 | 307.53 | OK | |
r-devel-linux-x86_64-debian-gcc | 1.11.1 | OK | ||||
r-devel-linux-x86_64-fedora-clang | 1.11.1 | 455.76 | OK | |||
r-devel-linux-x86_64-fedora-gcc | 1.11.1 | 460.02 | OK | |||
r-devel-windows-x86_64 | 1.11.1 | 133.00 | 576.00 | 709.00 | NOTE | |
r-patched-linux-x86_64 | 1.11.1 | OK | ||||
r-release-linux-x86_64 | 1.11.1 | 129.25 | 151.01 | 280.26 | OK | |
r-release-macos-arm64 | 1.11.1 | 197.00 | NOTE | |||
r-release-macos-x86_64 | 1.11.1 | 438.00 | NOTE | |||
r-release-windows-x86_64 | 1.11.1 | 156.00 | 613.00 | 769.00 | NOTE | |
r-oldrel-macos-arm64 | 1.11.1 | 241.00 | NOTE | |||
r-oldrel-macos-x86_64 | 1.11.1 | 404.00 | NOTE | |||
r-oldrel-windows-x86_64 | 1.11.1 | 159.00 | 778.00 | 937.00 | NOTE |
Version: 1.11.1
Check: installed package size
Result: NOTE
installed size is 104.9Mb
sub-directories of 1Mb or more:
gdal 3.0Mb
libs 91.0Mb
proj 8.4Mb
Flavors: r-devel-windows-x86_64, r-release-macos-arm64, r-release-macos-x86_64, r-release-windows-x86_64, r-oldrel-macos-arm64, r-oldrel-macos-x86_64, r-oldrel-windows-x86_64
These binaries (installable software) and packages are in development.
They may not be fully stable and should be used with caution. We make no claims about them.