Last updated on 2025-04-16 00:49:41 CEST.
Flavor | Version | Tinstall | Tcheck | Ttotal | Status | Flags |
---|---|---|---|---|---|---|
r-devel-linux-x86_64-debian-clang | 1.12.0 | 103.26 | 121.74 | 225.00 | OK | |
r-devel-linux-x86_64-debian-gcc | 1.12.0 | 82.77 | 84.60 | 167.37 | OK | |
r-devel-linux-x86_64-fedora-clang | 1.12.0 | 396.56 | OK | |||
r-devel-linux-x86_64-fedora-gcc | 1.12.0 | 426.16 | OK | |||
r-devel-windows-x86_64 | 1.12.0 | 137.00 | 712.00 | 849.00 | OK | |
r-patched-linux-x86_64 | 1.12.0 | 121.22 | 116.80 | 238.02 | OK | |
r-release-linux-x86_64 | 1.12.0 | 112.75 | 117.30 | 230.05 | OK | |
r-release-macos-arm64 | 1.12.0 | 126.00 | OK | |||
r-release-macos-x86_64 | 1.12.0 | 199.00 | OK | |||
r-release-windows-x86_64 | 1.12.0 | 140.00 | 720.00 | 860.00 | OK | |
r-oldrel-macos-arm64 | 1.12.0 | 111.00 | NOTE | |||
r-oldrel-macos-x86_64 | 1.12.0 | 242.00 | NOTE | |||
r-oldrel-windows-x86_64 | 1.12.0 | 165.00 | 904.00 | 1069.00 | NOTE |
Version: 1.12.0
Check: installed package size
Result: NOTE
installed size is 68.8Mb
sub-directories of 1Mb or more:
extdata 1.3Mb
libs 65.9Mb
Flavors: r-oldrel-macos-arm64, r-oldrel-macos-x86_64, r-oldrel-windows-x86_64
These binaries (installable software) and packages are in development.
They may not be fully stable and should be used with caution. We make no claims about them.