Last updated on 2025-02-16 10:50:46 CET.
Flavor | Version | Tinstall | Tcheck | Ttotal | Status | Flags |
---|---|---|---|---|---|---|
r-devel-linux-x86_64-debian-clang | 1.12.0 | 110.68 | 120.62 | 231.30 | OK | |
r-devel-linux-x86_64-debian-gcc | 1.12.0 | 83.57 | 83.29 | 166.86 | OK | |
r-devel-linux-x86_64-fedora-clang | 1.12.0 | 408.46 | OK | |||
r-devel-linux-x86_64-fedora-gcc | 1.12.0 | 439.99 | OK | |||
r-devel-macos-arm64 | 1.12.0 | 186.00 | OK | |||
r-devel-macos-x86_64 | 1.12.0 | 352.00 | OK | |||
r-devel-windows-x86_64 | 1.12.0 | 133.00 | 648.00 | 781.00 | OK | |
r-patched-linux-x86_64 | 1.12.0 | 117.49 | 112.45 | 229.94 | OK | |
r-release-linux-x86_64 | 1.12.0 | 113.53 | 113.24 | 226.77 | OK | |
r-release-macos-arm64 | 1.12.0 | 195.00 | NOTE | |||
r-release-macos-x86_64 | 1.12.0 | 420.00 | NOTE | |||
r-release-windows-x86_64 | 1.12.0 | 130.00 | 625.00 | 755.00 | NOTE | |
r-oldrel-macos-arm64 | 1.11.1 | 241.00 | NOTE | |||
r-oldrel-macos-x86_64 | 1.12.0 | 298.00 | NOTE | |||
r-oldrel-windows-x86_64 | 1.12.0 | 163.00 | 759.00 | 922.00 | NOTE |
Version: 1.12.0
Check: installed package size
Result: NOTE
installed size is 256.6Mb
sub-directories of 1Mb or more:
extdata 1.3Mb
libs 253.7Mb
Flavors: r-release-macos-arm64, r-release-macos-x86_64, r-release-windows-x86_64, r-oldrel-macos-x86_64, r-oldrel-windows-x86_64
Version: 1.11.1
Check: installed package size
Result: NOTE
installed size is 255.2Mb
sub-directories of 1Mb or more:
libs 252.6Mb
Flavor: r-oldrel-macos-arm64
These binaries (installable software) and packages are in development.
They may not be fully stable and should be used with caution. We make no claims about them.