Last updated on 2025-02-16 10:50:46 CET.
Flavor | Version | Tinstall | Tcheck | Ttotal | Status | Flags |
---|---|---|---|---|---|---|
r-devel-linux-x86_64-debian-clang | 1.6.4 | 44.48 | 301.79 | 346.27 | NOTE | |
r-devel-linux-x86_64-debian-gcc | 1.6.4 | 27.99 | 198.81 | 226.80 | NOTE | |
r-devel-linux-x86_64-fedora-clang | 1.6.4 | 604.78 | OK | |||
r-devel-linux-x86_64-fedora-gcc | 1.6.4 | 545.35 | OK | |||
r-devel-macos-arm64 | 1.6.4 | 123.00 | OK | |||
r-devel-macos-x86_64 | 1.6.4 | 263.00 | OK | |||
r-devel-windows-x86_64 | 1.6.4 | 39.00 | 240.00 | 279.00 | NOTE | |
r-patched-linux-x86_64 | 1.6.4 | 44.32 | 283.80 | 328.12 | OK | |
r-release-linux-x86_64 | 1.6.4 | 44.56 | 286.31 | 330.87 | OK | |
r-release-macos-arm64 | 1.6.4 | 117.00 | OK | |||
r-release-macos-x86_64 | 1.6.4 | 200.00 | OK | |||
r-release-windows-x86_64 | 1.6.4 | 39.00 | 230.00 | 269.00 | OK | |
r-oldrel-macos-arm64 | 1.6.4 | 115.00 | OK | |||
r-oldrel-macos-x86_64 | 1.6.4 | 384.00 | OK | |||
r-oldrel-windows-x86_64 | 1.6.4 | 55.00 | 321.00 | 376.00 | OK |
Version: 1.6.4
Check: Rd cross-references
Result: NOTE
Found the following Rd file(s) with Rd \link{} targets missing package
anchors:
Transition-classes.Rd: Raster-class
Please provide package anchors for all Rd \link{} targets not in the
package itself and the base packages.
Flavors: r-devel-linux-x86_64-debian-clang, r-devel-linux-x86_64-debian-gcc, r-devel-windows-x86_64
These binaries (installable software) and packages are in development.
They may not be fully stable and should be used with caution. We make no claims about them.