Last updated on 2025-07-04 19:50:20 CEST.
Flavor | Version | Tinstall | Tcheck | Ttotal | Status | Flags |
---|---|---|---|---|---|---|
r-devel-linux-x86_64-debian-clang | 1.6.0-7 | 19.28 | 118.67 | 137.95 | OK | |
r-devel-linux-x86_64-debian-gcc | 1.6.0-7 | 13.70 | 82.11 | 95.81 | OK | |
r-devel-linux-x86_64-fedora-clang | 1.6.0-7 | 213.87 | OK | |||
r-devel-linux-x86_64-fedora-gcc | 1.6.0-7 | 207.08 | OK | |||
r-devel-windows-x86_64 | 1.6.0-7 | 36.00 | 129.00 | 165.00 | OK | |
r-patched-linux-x86_64 | 1.6.0-7 | 17.82 | 110.53 | 128.35 | OK | |
r-release-linux-x86_64 | 1.6.0-7 | 17.69 | 110.82 | 128.51 | OK | |
r-release-macos-arm64 | 1.6.0-7 | 59.00 | OK | |||
r-release-macos-x86_64 | 1.6.0-7 | 147.00 | OK | |||
r-release-windows-x86_64 | 1.6.0-7 | 38.00 | 135.00 | 173.00 | OK | |
r-oldrel-macos-arm64 | 1.6.0-7 | 59.00 | NOTE | |||
r-oldrel-macos-x86_64 | 1.6.0-7 | 146.00 | NOTE | |||
r-oldrel-windows-x86_64 | 1.6.0-7 | 43.00 | 166.00 | 209.00 | NOTE |
Version: 1.6.0-7
Check: installed package size
Result: NOTE
installed size is 5.1Mb
sub-directories of 1Mb or more:
extdata 3.8Mb
Flavors: r-oldrel-macos-arm64, r-oldrel-macos-x86_64, r-oldrel-windows-x86_64
These binaries (installable software) and packages are in development.
They may not be fully stable and should be used with caution. We make no claims about them.