Last updated on 2025-10-23 21:51:27 CEST.
Flavor | Version | Tinstall | Tcheck | Ttotal | Status | Flags |
---|---|---|---|---|---|---|
r-devel-linux-x86_64-debian-clang | 1.1.4 | 26.18 | 50.40 | 76.58 | NOTE | |
r-devel-linux-x86_64-debian-gcc | 1.1.4 | 18.23 | 39.21 | 57.44 | NOTE | |
r-devel-linux-x86_64-fedora-clang | 1.1.4 | 111.00 | 23.47 | 134.47 | OK | |
r-devel-linux-x86_64-fedora-gcc | 1.1.4 | 71.00 | 66.07 | 137.07 | OK | |
r-devel-windows-x86_64 | 1.1.4 | 34.00 | 111.00 | 145.00 | OK | |
r-patched-linux-x86_64 | 1.1.4 | 28.52 | 49.12 | 77.64 | OK | |
r-release-linux-x86_64 | 1.1.4 | 28.93 | 48.93 | 77.86 | OK | |
r-release-macos-arm64 | 1.1.4 | 10.00 | 48.00 | 58.00 | OK | |
r-release-macos-x86_64 | 1.1.4 | 18.00 | 66.00 | 84.00 | OK | |
r-release-windows-x86_64 | 1.1.4 | 36.00 | 114.00 | 150.00 | OK | |
r-oldrel-macos-arm64 | 1.1.4 | 10.00 | 39.00 | 49.00 | OK | |
r-oldrel-macos-x86_64 | 1.1.4 | 14.00 | 57.00 | 71.00 | OK | |
r-oldrel-windows-x86_64 | 1.1.4 | 38.00 | 128.00 | 166.00 | OK |
Version: 1.1.4
Check: CRAN incoming feasibility
Result: NOTE
Maintainer: ‘Ezequiel Smucler <ezequiels.90@gmail.com>’
No Authors@R field in DESCRIPTION.
Please add one, modifying
Authors@R: c(person(given = "Daniel",
family = "Peña",
role = "aut",
email = "daniel.pena@uc3m.es"),
person(given = "Ezequiel",
family = "Smucler",
role = c("aut", "cre"),
email = "ezequiels.90@gmail.com"),
person(given = "Victor",
family = "Yohai",
role = "aut",
email = "vyohai@dm.uba.ar"))
as necessary.
Flavors: r-devel-linux-x86_64-debian-clang, r-devel-linux-x86_64-debian-gcc
These binaries (installable software) and packages are in development.
They may not be fully stable and should be used with caution. We make no claims about them.