Last updated on 2025-07-01 11:49:19 CEST.
Flavor | Version | Tinstall | Tcheck | Ttotal | Status | Flags |
---|---|---|---|---|---|---|
r-devel-linux-x86_64-debian-clang | 0.1.1 | 1.57 | 16.46 | 18.03 | NOTE | |
r-devel-linux-x86_64-debian-gcc | 0.1.1 | 1.35 | 14.44 | 15.79 | NOTE | |
r-devel-linux-x86_64-fedora-clang | 0.1.1 | 28.26 | OK | |||
r-devel-linux-x86_64-fedora-gcc | 0.1.1 | 27.42 | OK | |||
r-devel-windows-x86_64 | 0.1.1 | 2.00 | 35.00 | 37.00 | OK | |
r-patched-linux-x86_64 | OK | |||||
r-release-linux-x86_64 | 0.1.1 | 1.49 | 15.51 | 17.00 | OK | |
r-release-macos-arm64 | 0.1.1 | 14.00 | OK | |||
r-release-macos-x86_64 | 0.1.1 | 27.00 | OK | |||
r-release-windows-x86_64 | 0.1.1 | 3.00 | 39.00 | 42.00 | OK | |
r-oldrel-macos-arm64 | 0.1.1 | 14.00 | OK | |||
r-oldrel-macos-x86_64 | 0.1.1 | 18.00 | OK | |||
r-oldrel-windows-x86_64 | 0.1.1 | 3.00 | 34.00 | 37.00 | OK |
Version: 0.1.1
Check: CRAN incoming feasibility
Result: NOTE
Maintainer: ‘Partha Sarathi Bishnu <psbishnu@gmail.com>’
No Authors@R field in DESCRIPTION.
Please add one, modifying
Authors@R: person(given = c("Partha", "Sarathi"),
family = "Bishnu",
role = c("aut", "cre"),
email = "psbishnu@gmail.com")
as necessary.
Flavors: r-devel-linux-x86_64-debian-clang, r-devel-linux-x86_64-debian-gcc
These binaries (installable software) and packages are in development.
They may not be fully stable and should be used with caution. We make no claims about them.