Last updated on 2025-10-24 05:50:40 CEST.
| Flavor | Version | Tinstall | Tcheck | Ttotal | Status | Flags |
|---|---|---|---|---|---|---|
| r-devel-linux-x86_64-debian-clang | 0.4.4 | 23.29 | 38.07 | 61.36 | OK | |
| r-devel-linux-x86_64-debian-gcc | 0.4.4 | 15.33 | 30.03 | 45.36 | OK | |
| r-devel-linux-x86_64-fedora-clang | 0.4.4 | 68.00 | 41.08 | 109.08 | OK | |
| r-devel-linux-x86_64-fedora-gcc | 0.4.4 | 38.00 | 57.23 | 95.23 | OK | |
| r-devel-windows-x86_64 | 0.4.4 | 39.00 | 110.00 | 149.00 | OK | |
| r-patched-linux-x86_64 | 0.4.4 | 22.47 | 35.42 | 57.89 | OK | |
| r-release-linux-x86_64 | 0.4.4 | 22.85 | 35.55 | 58.40 | OK | |
| r-release-macos-arm64 | 0.4.4 | 14.00 | 34.00 | 48.00 | OK | |
| r-release-macos-x86_64 | 0.4.4 | 17.00 | 44.00 | 61.00 | OK | |
| r-release-windows-x86_64 | 0.4.4 | 48.00 | 118.00 | 166.00 | OK | |
| r-oldrel-macos-arm64 | 0.4.4 | 13.00 | 35.00 | 48.00 | OK | |
| r-oldrel-macos-x86_64 | 0.4.4 | 18.00 | 61.00 | 79.00 | OK | |
| r-oldrel-windows-x86_64 | 0.4.4 | 52.00 | 131.00 | 183.00 | NOTE |
Version: 0.4.4
Check: installed package size
Result: NOTE
installed size is 6.9Mb
sub-directories of 1Mb or more:
libs 6.6Mb
Flavor: r-oldrel-windows-x86_64
These binaries (installable software) and packages are in development.
They may not be fully stable and should be used with caution. We make no claims about them.