Last updated on 2025-05-01 08:52:33 CEST.
Flavor | Version | Tinstall | Tcheck | Ttotal | Status | Flags |
---|---|---|---|---|---|---|
r-devel-linux-x86_64-debian-clang | 0.4.2 | 26.91 | 35.17 | 62.08 | OK | |
r-devel-linux-x86_64-debian-gcc | 0.4.2 | 20.05 | 28.45 | 48.50 | OK | |
r-devel-linux-x86_64-fedora-clang | 0.4.2 | 125.40 | OK | |||
r-devel-linux-x86_64-fedora-gcc | 0.4.2 | 105.92 | OK | |||
r-devel-windows-x86_64 | 0.4.2 | 47.00 | 121.00 | 168.00 | OK | |
r-patched-linux-x86_64 | 0.4.2 | 26.62 | 33.11 | 59.73 | OK | |
r-release-linux-x86_64 | OK | |||||
r-release-macos-arm64 | 0.4.2 | 70.00 | OK | |||
r-release-macos-x86_64 | 0.4.2 | 84.00 | OK | |||
r-release-windows-x86_64 | 0.4.2 | 50.00 | 124.00 | 174.00 | OK | |
r-oldrel-macos-arm64 | 0.4.2 | 53.00 | OK | |||
r-oldrel-macos-x86_64 | 0.4.2 | 70.00 | OK | |||
r-oldrel-windows-x86_64 | 0.4.2 | 51.00 | 131.00 | 182.00 | NOTE |
Version: 0.4.2
Check: installed package size
Result: NOTE
installed size is 6.9Mb
sub-directories of 1Mb or more:
libs 6.7Mb
Flavor: r-oldrel-windows-x86_64
These binaries (installable software) and packages are in development.
They may not be fully stable and should be used with caution. We make no claims about them.