Last updated on 2025-11-21 07:49:36 CET.
| Flavor | Version | Tinstall | Tcheck | Ttotal | Status | Flags |
|---|---|---|---|---|---|---|
| r-devel-linux-x86_64-debian-clang | 0.3.4 | 15.87 | 143.52 | 159.39 | NOTE | |
| r-devel-linux-x86_64-debian-gcc | 0.3.4 | 10.44 | 113.13 | 123.57 | NOTE | |
| r-devel-linux-x86_64-fedora-clang | 0.3.4 | 41.00 | 224.05 | 265.05 | OK | |
| r-devel-linux-x86_64-fedora-gcc | 0.3.4 | 28.00 | 224.75 | 252.75 | OK | |
| r-devel-windows-x86_64 | 0.3.4 | 27.00 | 192.00 | 219.00 | OK | |
| r-patched-linux-x86_64 | 0.3.4 | 15.35 | 137.51 | 152.86 | OK | |
| r-release-linux-x86_64 | 0.3.4 | 15.78 | 136.16 | 151.94 | OK | |
| r-release-macos-arm64 | 0.3.4 | OK | ||||
| r-release-macos-x86_64 | 0.3.4 | 12.00 | 126.00 | 138.00 | OK | |
| r-release-windows-x86_64 | 0.3.4 | 23.00 | 189.00 | 212.00 | OK | |
| r-oldrel-macos-arm64 | 0.3.4 | OK | ||||
| r-oldrel-macos-x86_64 | 0.3.4 | 10.00 | 86.00 | 96.00 | OK | |
| r-oldrel-windows-x86_64 | 0.3.4 | 28.00 | 234.00 | 262.00 | OK |
Version: 0.3.4
Check: CRAN incoming feasibility
Result: NOTE
Maintainer: ‘Joshua French <joshua.french@ucdenver.edu>’
No Authors@R field in DESCRIPTION.
Please add one, modifying
Authors@R: person(given = "Joshua",
family = "French",
role = c("aut", "cre"),
email = "joshua.french@ucdenver.edu")
as necessary.
Flavors: r-devel-linux-x86_64-debian-clang, r-devel-linux-x86_64-debian-gcc
These binaries (installable software) and packages are in development.
They may not be fully stable and should be used with caution. We make no claims about them.