Last updated on 2025-05-01 14:49:10 CEST.
Flavor | Version | Tinstall | Tcheck | Ttotal | Status | Flags |
---|---|---|---|---|---|---|
r-devel-linux-x86_64-debian-clang | 1.1.3 | 7.17 | 235.25 | 242.42 | NOTE | |
r-devel-linux-x86_64-debian-gcc | 1.1.3 | 4.70 | 149.51 | 154.21 | OK | |
r-devel-linux-x86_64-fedora-clang | 1.1.3 | 382.42 | OK | |||
r-devel-linux-x86_64-fedora-gcc | 1.1.3 | 396.37 | OK | |||
r-devel-windows-x86_64 | 1.1.3 | 7.00 | 225.00 | 232.00 | OK | |
r-patched-linux-x86_64 | 1.1.3 | 7.11 | 225.13 | 232.24 | OK | |
r-release-linux-x86_64 | OK | |||||
r-release-macos-arm64 | 1.1.3 | 110.00 | OK | |||
r-release-macos-x86_64 | 1.1.3 | 270.00 | OK | |||
r-release-windows-x86_64 | 1.1.3 | 7.00 | 227.00 | 234.00 | OK | |
r-oldrel-macos-arm64 | 1.1.3 | 104.00 | OK | |||
r-oldrel-macos-x86_64 | 1.1.3 | 213.00 | OK | |||
r-oldrel-windows-x86_64 | 1.1.3 | 7.00 | 303.00 | 310.00 | OK |
Version: 1.1.3
Check: examples
Result: NOTE
Examples with CPU (user + system) or elapsed time > 5s
user system elapsed
geemaee 11.643 0.019 14.952
Flavor: r-devel-linux-x86_64-debian-clang
Version: 1.1.3
Check: examples
Result: NA
user system elapsed
geemaee 7.043 0.174 8.6
OK
Flavor: r-devel-linux-x86_64-debian-gcc
These binaries (installable software) and packages are in development.
They may not be fully stable and should be used with caution. We make no claims about them.