Last updated on 2025-10-24 11:50:47 CEST.
| Flavor | Version | Tinstall | Tcheck | Ttotal | Status | Flags |
|---|---|---|---|---|---|---|
| r-devel-linux-x86_64-debian-clang | 0.10.1 | 7.05 | 63.65 | 70.70 | NOTE | |
| r-devel-linux-x86_64-debian-gcc | 0.10.1 | 4.16 | 48.04 | 52.20 | NOTE | |
| r-devel-linux-x86_64-fedora-clang | 0.10.1 | 43.00 | 70.76 | 113.76 | OK | |
| r-devel-linux-x86_64-fedora-gcc | 0.10.1 | 15.00 | 87.43 | 102.43 | OK | |
| r-devel-windows-x86_64 | 0.10.1 | 8.00 | 74.00 | 82.00 | OK | |
| r-patched-linux-x86_64 | 0.10.1 | 6.68 | 61.33 | 68.01 | OK | |
| r-release-linux-x86_64 | 0.10.1 | 5.21 | 60.99 | 66.20 | OK | |
| r-release-macos-arm64 | 0.10.1 | 4.00 | 37.00 | 41.00 | OK | |
| r-release-macos-x86_64 | 0.10.1 | 6.00 | 57.00 | 63.00 | OK | |
| r-release-windows-x86_64 | 0.10.1 | 7.00 | 77.00 | 84.00 | OK | |
| r-oldrel-macos-arm64 | 0.10.1 | 3.00 | 29.00 | 32.00 | OK | |
| r-oldrel-macos-x86_64 | 0.10.1 | 4.00 | 49.00 | 53.00 | OK | |
| r-oldrel-windows-x86_64 | 0.10.1 | 9.00 | 94.00 | 103.00 | OK |
Version: 0.10.1
Check: CRAN incoming feasibility
Result: NOTE
Maintainer: ‘Lee McDaniel <lmcda4@lsuhsc.edu>’
Package CITATION file contains call(s) to old-style personList() or
as.personList(). Please use c() on person objects instead.
Package CITATION file contains call(s) to old-style citEntry(). Please
use bibentry() instead.
Flavors: r-devel-linux-x86_64-debian-clang, r-devel-linux-x86_64-debian-gcc
These binaries (installable software) and packages are in development.
They may not be fully stable and should be used with caution. We make no claims about them.