Last updated on 2025-02-16 10:50:46 CET.
Flavor | Version | Tinstall | Tcheck | Ttotal | Status | Flags |
---|---|---|---|---|---|---|
r-devel-linux-x86_64-debian-clang | 0.2.2 | 36.99 | 77.99 | 114.98 | OK | |
r-devel-linux-x86_64-debian-gcc | 0.2.2 | 31.37 | 60.13 | 91.50 | OK | |
r-devel-linux-x86_64-fedora-clang | 0.2.2 | 200.11 | OK | |||
r-devel-linux-x86_64-fedora-gcc | 0.2.2 | 206.48 | OK | |||
r-devel-macos-arm64 | 0.2.2 | 55.00 | OK | |||
r-devel-macos-x86_64 | 0.2.2 | 133.00 | OK | |||
r-devel-windows-x86_64 | 0.2.2 | 40.00 | 109.00 | 149.00 | OK | |
r-patched-linux-x86_64 | 0.2.2 | 42.93 | 78.44 | 121.37 | OK | |
r-release-linux-x86_64 | 0.2.2 | 41.06 | 78.55 | 119.61 | OK | |
r-release-macos-arm64 | 0.2.2 | 210.00 | NOTE | |||
r-release-macos-x86_64 | 0.2.2 | 252.00 | NOTE | |||
r-release-windows-x86_64 | 0.2.2 | 43.00 | 107.00 | 150.00 | OK | |
r-oldrel-macos-arm64 | 0.2.2 | 215.00 | NOTE | |||
r-oldrel-macos-x86_64 | 0.2.2 | 259.00 | NOTE | |||
r-oldrel-windows-x86_64 | 0.2.2 | 53.00 | 155.00 | 208.00 | OK |
Version: 0.2.2
Check: installed package size
Result: NOTE
installed size is 18.0Mb
sub-directories of 1Mb or more:
libs 17.5Mb
Flavors: r-release-macos-arm64, r-release-macos-x86_64, r-oldrel-macos-arm64, r-oldrel-macos-x86_64
These binaries (installable software) and packages are in development.
They may not be fully stable and should be used with caution. We make no claims about them.