Last updated on 2025-07-02 03:50:41 CEST.
Flavor | Version | Tinstall | Tcheck | Ttotal | Status | Flags |
---|---|---|---|---|---|---|
r-devel-linux-x86_64-debian-clang | 0.2.2 | 40.73 | 80.10 | 120.83 | OK | |
r-devel-linux-x86_64-debian-gcc | 0.2.2 | 31.13 | 62.61 | 93.74 | OK | |
r-devel-linux-x86_64-fedora-clang | 0.2.2 | 185.59 | OK | |||
r-devel-linux-x86_64-fedora-gcc | 0.2.2 | 194.38 | OK | |||
r-devel-windows-x86_64 | 0.2.2 | 42.00 | 108.00 | 150.00 | OK | |
r-patched-linux-x86_64 | OK | |||||
r-release-linux-x86_64 | 0.2.2 | 43.23 | 80.93 | 124.16 | OK | |
r-release-macos-arm64 | 0.2.2 | 58.00 | OK | |||
r-release-macos-x86_64 | 0.2.2 | 127.00 | OK | |||
r-release-windows-x86_64 | 0.2.2 | 45.00 | 108.00 | 153.00 | OK | |
r-oldrel-macos-arm64 | 0.2.2 | 210.00 | NOTE | |||
r-oldrel-macos-x86_64 | 0.2.2 | 252.00 | NOTE | |||
r-oldrel-windows-x86_64 | 0.2.2 | 53.00 | 133.00 | 186.00 | OK |
Version: 0.2.2
Check: installed package size
Result: NOTE
installed size is 18.0Mb
sub-directories of 1Mb or more:
libs 17.5Mb
Flavors: r-oldrel-macos-arm64, r-oldrel-macos-x86_64
These binaries (installable software) and packages are in development.
They may not be fully stable and should be used with caution. We make no claims about them.