CRAN Package Check Results for Package geeasy

Last updated on 2025-05-08 04:52:05 CEST.

Flavor Version Tinstall Tcheck Ttotal Status Flags
r-devel-linux-x86_64-debian-clang 0.1.2 13.61 104.38 117.99 NOTE
r-devel-linux-x86_64-debian-gcc 0.1.2 9.29 72.83 82.12 NOTE
r-devel-linux-x86_64-fedora-clang 0.1.2 190.38 OK
r-devel-linux-x86_64-fedora-gcc 0.1.2 182.26 OK
r-devel-windows-x86_64 0.1.2 14.00 101.00 115.00 NOTE
r-patched-linux-x86_64 0.1.2 12.40 97.12 109.52 NOTE
r-release-linux-x86_64 0.1.2 13.16 96.50 109.66 NOTE
r-release-macos-arm64 0.1.2 48.00 OK
r-release-macos-x86_64 0.1.2 87.00 OK
r-release-windows-x86_64 0.1.2 14.00 100.00 114.00 NOTE
r-oldrel-macos-arm64 0.1.2 46.00 OK
r-oldrel-macos-x86_64 0.1.2 68.00 OK
r-oldrel-windows-x86_64 0.1.2 18.00 127.00 145.00 OK

Check Details

Version: 0.1.2
Check: Rd cross-references
Result: NOTE Found the following Rd file(s) with Rd \link{} targets missing package anchors: geelm.Rd: geese Please provide package anchors for all Rd \link{} targets not in the package itself and the base packages. Flavors: r-devel-linux-x86_64-debian-clang, r-devel-linux-x86_64-debian-gcc, r-devel-windows-x86_64, r-patched-linux-x86_64, r-release-linux-x86_64, r-release-windows-x86_64

These binaries (installable software) and packages are in development.
They may not be fully stable and should be used with caution. We make no claims about them.