Last updated on 2025-11-13 03:51:02 CET.
| Flavor | Version | Tinstall | Tcheck | Ttotal | Status | Flags |
|---|---|---|---|---|---|---|
| r-devel-linux-x86_64-debian-clang | 0.1.3 | 2.04 | 338.28 | 340.32 | OK | |
| r-devel-linux-x86_64-debian-gcc | 0.1.3 | 1.17 | 203.94 | 205.11 | OK | |
| r-devel-linux-x86_64-fedora-clang | 0.1.3 | 605.78 | NOTE | |||
| r-devel-linux-x86_64-fedora-gcc | 0.1.3 | 568.05 | NOTE | |||
| r-devel-windows-x86_64 | 0.1.3 | 5.00 | 301.00 | 306.00 | OK | |
| r-patched-linux-x86_64 | 0.1.3 | 2.35 | 318.80 | 321.15 | OK | |
| r-release-linux-x86_64 | 0.1.3 | 2.05 | 321.83 | 323.88 | OK | |
| r-release-macos-arm64 | 0.1.3 | 1.00 | 128.00 | 129.00 | OK | |
| r-release-macos-x86_64 | 0.1.3 | 2.00 | 270.00 | 272.00 | OK | |
| r-release-windows-x86_64 | 0.1.3 | 5.00 | 295.00 | 300.00 | OK | |
| r-oldrel-macos-arm64 | 0.1.3 | 1.00 | 115.00 | 116.00 | NOTE | |
| r-oldrel-macos-x86_64 | 0.1.3 | 2.00 | 196.00 | 198.00 | NOTE | |
| r-oldrel-windows-x86_64 | 0.1.3 | 6.00 | 420.00 | 426.00 | NOTE |
Version: 0.1.3
Check: dependencies in R code
Result: NOTE
Namespace in Imports field not imported from: ‘methods’
All declared Imports should be used.
Flavors: r-devel-linux-x86_64-fedora-clang, r-devel-linux-x86_64-fedora-gcc
Version: 0.1.3
Check: LazyData
Result: NOTE
'LazyData' is specified without a 'data' directory
Flavors: r-oldrel-macos-arm64, r-oldrel-macos-x86_64, r-oldrel-windows-x86_64
These binaries (installable software) and packages are in development.
They may not be fully stable and should be used with caution. We make no claims about them.