CRAN Package Check Results for Package gen2stage

Last updated on 2025-05-01 22:49:41 CEST.

Flavor Version Tinstall Tcheck Ttotal Status Flags
r-devel-linux-x86_64-debian-clang 1.0 1.68 20.30 21.98 NOTE
r-devel-linux-x86_64-debian-gcc 1.0 1.37 16.53 17.90 NOTE
r-devel-linux-x86_64-fedora-clang 1.0 34.63 OK
r-devel-linux-x86_64-fedora-gcc 1.0 33.15 OK
r-devel-windows-x86_64 1.0 4.00 54.00 58.00 OK
r-patched-linux-x86_64 1.0 1.82 19.85 21.67 OK
r-release-linux-x86_64 OK
r-release-macos-arm64 1.0 17.00 OK
r-release-macos-x86_64 1.0 26.00 OK
r-release-windows-x86_64 1.0 4.00 55.00 59.00 OK
r-oldrel-macos-arm64 1.0 16.00 NOTE
r-oldrel-macos-x86_64 1.0 23.00 NOTE
r-oldrel-windows-x86_64 1.0 3.00 53.00 56.00 NOTE

Check Details

Version: 1.0
Check: CRAN incoming feasibility
Result: NOTE Maintainer: ‘Seongho Kim <biostatistician.kim@gmail.com>’ No Authors@R field in DESCRIPTION. Please add one, modifying Authors@R: person(given = "Seongho", family = "Kim", role = c("aut", "cre"), email = "biostatistician.kim@gmail.com") as necessary. Flavors: r-devel-linux-x86_64-debian-clang, r-devel-linux-x86_64-debian-gcc

Version: 1.0
Check: LazyData
Result: NOTE 'LazyData' is specified without a 'data' directory Flavors: r-oldrel-macos-arm64, r-oldrel-macos-x86_64, r-oldrel-windows-x86_64

These binaries (installable software) and packages are in development.
They may not be fully stable and should be used with caution. We make no claims about them.