Last updated on 2025-05-07 22:48:28 CEST.
Flavor | Version | Tinstall | Tcheck | Ttotal | Status | Flags |
---|---|---|---|---|---|---|
r-devel-linux-x86_64-debian-clang | 0.2.1 | 1.99 | 24.74 | 26.73 | NOTE | |
r-devel-linux-x86_64-debian-gcc | 0.2.1 | 1.63 | 18.48 | 20.11 | NOTE | |
r-devel-linux-x86_64-fedora-clang | 0.2.1 | 41.89 | OK | |||
r-devel-linux-x86_64-fedora-gcc | 0.2.1 | 40.58 | OK | |||
r-devel-windows-x86_64 | 0.2.1 | 3.00 | 42.00 | 45.00 | OK | |
r-patched-linux-x86_64 | 0.2.1 | 1.81 | 23.57 | 25.38 | OK | |
r-release-linux-x86_64 | 0.2.1 | 1.80 | 23.11 | 24.91 | OK | |
r-release-macos-arm64 | 0.2.1 | 17.00 | OK | |||
r-release-macos-x86_64 | 0.2.1 | 26.00 | OK | |||
r-release-windows-x86_64 | 0.2.1 | 3.00 | 43.00 | 46.00 | OK | |
r-oldrel-macos-arm64 | 0.2.1 | 16.00 | OK | |||
r-oldrel-macos-x86_64 | 0.2.1 | 23.00 | OK | |||
r-oldrel-windows-x86_64 | 0.2.1 | 2.00 | 42.00 | 44.00 | OK |
Version: 0.2.1
Check: CRAN incoming feasibility
Result: NOTE
Maintainer: ‘Michel Ballings <Michel.Ballings@gmail.com>’
No Authors@R field in DESCRIPTION.
Please add one, modifying
Authors@R: c(person(given = "Egon",
family = "Willighagen",
role = "aut"),
person(given = "Michel",
family = "Ballings",
role = c("aut", "cre"),
email = "michel.ballings@gmail.com"))
as necessary.
Flavors: r-devel-linux-x86_64-debian-clang, r-devel-linux-x86_64-debian-gcc
These binaries (installable software) and packages are in development.
They may not be fully stable and should be used with caution. We make no claims about them.