CRAN Package Check Results for Package gendata

Last updated on 2025-11-11 15:50:34 CET.

Flavor Version Tinstall Tcheck Ttotal Status Flags
r-devel-linux-x86_64-debian-clang 1.2.0 1.72 18.88 20.60 NOTE
r-devel-linux-x86_64-debian-gcc 1.2.0 1.34 15.87 17.21 NOTE
r-devel-linux-x86_64-fedora-clang 1.2.0 31.49 OK
r-devel-linux-x86_64-fedora-gcc 1.2.0 28.52 OK
r-devel-windows-x86_64 1.2.0 3.00 33.00 36.00 OK
r-patched-linux-x86_64 1.2.0 1.71 17.91 19.62 OK
r-release-linux-x86_64 1.2.0 1.55 17.97 19.52 OK
r-release-macos-arm64 1.2.0 1.00 14.00 15.00 OK
r-release-macos-x86_64 1.2.0 1.00 21.00 22.00 OK
r-release-windows-x86_64 1.2.0 2.00 33.00 35.00 OK
r-oldrel-macos-arm64 1.2.0 1.00 12.00 13.00 OK
r-oldrel-macos-x86_64 1.2.0 1.00 19.00 20.00 OK
r-oldrel-windows-x86_64 1.2.0 2.00 34.00 36.00 OK

Check Details

Version: 1.2.0
Check: CRAN incoming feasibility
Result: NOTE Maintainer: ‘Francis Huang <flh3@hotmail.com>’ No Authors@R field in DESCRIPTION. Please add one, modifying Authors@R: person(given = "Francis", family = "Huang", role = c("aut", "cre"), email = "flh3@hotmail.com") as necessary. Flavors: r-devel-linux-x86_64-debian-clang, r-devel-linux-x86_64-debian-gcc

These binaries (installable software) and packages are in development.
They may not be fully stable and should be used with caution. We make no claims about them.