CRAN Package Check Results for Package gendata

Last updated on 2025-05-29 17:58:58 CEST.

Flavor Version Tinstall Tcheck Ttotal Status Flags
r-devel-linux-x86_64-debian-clang 1.2.0 1.60 17.27 18.87 NOTE
r-devel-linux-x86_64-debian-gcc 1.2.0 1.23 14.54 15.77 NOTE
r-devel-linux-x86_64-fedora-clang 1.2.0 29.39 OK
r-devel-linux-x86_64-fedora-gcc 1.2.0 28.26 OK
r-devel-windows-x86_64 1.2.0 3.00 35.00 38.00 OK
r-patched-linux-x86_64 1.2.0 1.53 16.73 18.26 OK
r-release-linux-x86_64 1.2.0 1.58 16.37 17.95 OK
r-release-macos-arm64 1.2.0 15.00 OK
r-release-macos-x86_64 1.2.0 22.00 OK
r-release-windows-x86_64 1.2.0 3.00 39.00 42.00 OK
r-oldrel-macos-arm64 1.2.0 13.00 OK
r-oldrel-macos-x86_64 1.2.0 20.00 OK
r-oldrel-windows-x86_64 1.2.0 2.00 34.00 36.00 OK

Check Details

Version: 1.2.0
Check: CRAN incoming feasibility
Result: NOTE Maintainer: ‘Francis Huang <flh3@hotmail.com>’ No Authors@R field in DESCRIPTION. Please add one, modifying Authors@R: person(given = "Francis", family = "Huang", role = c("aut", "cre"), email = "flh3@hotmail.com") as necessary. Flavors: r-devel-linux-x86_64-debian-clang, r-devel-linux-x86_64-debian-gcc

These binaries (installable software) and packages are in development.
They may not be fully stable and should be used with caution. We make no claims about them.