CRAN Package Check Results for Package gender

Last updated on 2025-11-11 15:50:34 CET.

Flavor Version Tinstall Tcheck Ttotal Status Flags
r-devel-linux-x86_64-debian-clang 0.6.0 4.39 44.52 48.91 NOTE
r-devel-linux-x86_64-debian-gcc 0.6.0 3.07 33.90 36.97 NOTE
r-devel-linux-x86_64-fedora-clang 0.6.0 15.00 63.69 78.69 OK
r-devel-linux-x86_64-fedora-gcc 0.6.0 85.46 OK
r-devel-windows-x86_64 0.6.0 6.00 59.00 65.00 OK
r-patched-linux-x86_64 0.6.0 3.98 40.79 44.77 OK
r-release-linux-x86_64 0.6.0 3.75 41.02 44.77 OK
r-release-macos-arm64 0.6.0 2.00 39.00 41.00 OK
r-release-macos-x86_64 0.6.0 4.00 53.00 57.00 OK
r-release-windows-x86_64 0.6.0 6.00 57.00 63.00 OK
r-oldrel-macos-arm64 0.6.0 2.00 30.00 32.00 NOTE
r-oldrel-macos-x86_64 0.6.0 3.00 42.00 45.00 NOTE
r-oldrel-windows-x86_64 0.6.0 7.00 71.00 78.00 NOTE

Check Details

Version: 0.6.0
Check: CRAN incoming feasibility
Result: NOTE Maintainer: ‘Lincoln Mullen <lincoln@lincolnmullen.com>’ Package CITATION file contains call(s) to old-style personList() or as.personList(). Please use c() on person objects instead. Package CITATION file contains call(s) to old-style citEntry(). Please use bibentry() instead. Flavors: r-devel-linux-x86_64-debian-clang, r-devel-linux-x86_64-debian-gcc

Version: 0.6.0
Check: package dependencies
Result: NOTE Package suggested but not available for checking: ‘genderdata’ Flavors: r-oldrel-macos-arm64, r-oldrel-macos-x86_64, r-oldrel-windows-x86_64

These binaries (installable software) and packages are in development.
They may not be fully stable and should be used with caution. We make no claims about them.