Last updated on 2025-11-11 15:50:34 CET.
| Flavor | Version | Tinstall | Tcheck | Ttotal | Status | Flags |
|---|---|---|---|---|---|---|
| r-devel-linux-x86_64-debian-clang | 1.1.2 | 2.96 | 29.80 | 32.76 | OK | |
| r-devel-linux-x86_64-debian-gcc | 1.1.2 | 2.45 | 24.59 | 27.04 | OK | |
| r-devel-linux-x86_64-fedora-clang | 1.1.2 | 16.00 | 34.08 | 50.08 | NOTE | |
| r-devel-linux-x86_64-fedora-gcc | 1.1.2 | 44.51 | NOTE | |||
| r-devel-windows-x86_64 | 1.1.2 | 5.00 | 46.00 | 51.00 | OK | |
| r-patched-linux-x86_64 | 1.1.2 | 2.72 | 27.42 | 30.14 | OK | |
| r-release-linux-x86_64 | 1.1.2 | 2.85 | 27.27 | 30.12 | OK | |
| r-release-macos-arm64 | 1.1.2 | 2.00 | 21.00 | 23.00 | OK | |
| r-release-macos-x86_64 | 1.1.2 | 4.00 | 34.00 | 38.00 | OK | |
| r-release-windows-x86_64 | 1.1.2 | 5.00 | 45.00 | 50.00 | OK | |
| r-oldrel-macos-arm64 | 1.1.2 | 2.00 | 14.00 | 16.00 | OK | |
| r-oldrel-macos-x86_64 | 1.1.2 | 4.00 | 33.00 | 37.00 | OK | |
| r-oldrel-windows-x86_64 | 1.1.2 | 6.00 | 55.00 | 61.00 | OK |
Version: 1.1.2
Check: dependencies in R code
Result: NOTE
Namespace in Imports field not imported from: ‘purrr’
All declared Imports should be used.
Flavors: r-devel-linux-x86_64-fedora-clang, r-devel-linux-x86_64-fedora-gcc
These binaries (installable software) and packages are in development.
They may not be fully stable and should be used with caution. We make no claims about them.