Last updated on 2025-02-16 10:50:46 CET.
Flavor | Version | Tinstall | Tcheck | Ttotal | Status | Flags |
---|---|---|---|---|---|---|
r-devel-linux-x86_64-debian-clang | 0.9 | 2.05 | 46.84 | 48.89 | OK | |
r-devel-linux-x86_64-debian-gcc | 0.9 | 1.66 | 35.45 | 37.11 | OK | |
r-devel-linux-x86_64-fedora-clang | 0.9 | 80.28 | NOTE | |||
r-devel-linux-x86_64-fedora-gcc | 0.9 | 90.38 | NOTE | |||
r-devel-macos-arm64 | 0.9 | 42.00 | OK | |||
r-devel-macos-x86_64 | 0.9 | 74.00 | OK | |||
r-devel-windows-x86_64 | 0.9 | 4.00 | 135.00 | 139.00 | OK | |
r-patched-linux-x86_64 | 0.9 | 2.09 | 42.20 | 44.29 | OK | |
r-release-linux-x86_64 | 0.9 | 1.71 | 41.97 | 43.68 | OK | |
r-release-macos-arm64 | 0.9 | 35.00 | OK | |||
r-release-macos-x86_64 | 0.9 | 49.00 | OK | |||
r-release-windows-x86_64 | 0.9 | 3.00 | 143.00 | 146.00 | OK | |
r-oldrel-macos-arm64 | 0.9 | 8.00 | ERROR | |||
r-oldrel-macos-x86_64 | 0.9 | 43.00 | OK | |||
r-oldrel-windows-x86_64 | 0.9 | 4.00 | 123.00 | 127.00 | OK |
Version: 0.9
Check: dependencies in R code
Result: NOTE
Namespaces in Imports field not imported from:
‘BiocManager’ ‘R.utils’ ‘markdown’
All declared Imports should be used.
Flavors: r-devel-linux-x86_64-fedora-clang, r-devel-linux-x86_64-fedora-gcc
Version: 0.9
Check: package dependencies
Result: ERROR
Package required but not available: ‘GEOquery’
See section ‘The DESCRIPTION file’ in the ‘Writing R Extensions’
manual.
Flavor: r-oldrel-macos-arm64
These binaries (installable software) and packages are in development.
They may not be fully stable and should be used with caution. We make no claims about them.