Last updated on 2025-05-01 12:49:28 CEST.
Flavor | Version | Tinstall | Tcheck | Ttotal | Status | Flags |
---|---|---|---|---|---|---|
r-devel-linux-x86_64-debian-clang | 0.1.3 | 1.58 | 36.66 | 38.24 | NOTE | |
r-devel-linux-x86_64-debian-gcc | 0.1.3 | 1.81 | 28.80 | 30.61 | NOTE | |
r-devel-linux-x86_64-fedora-clang | 0.1.3 | 58.47 | OK | |||
r-devel-linux-x86_64-fedora-gcc | 0.1.3 | 56.91 | OK | |||
r-devel-windows-x86_64 | 0.1.3 | 4.00 | 63.00 | 67.00 | OK | |
r-patched-linux-x86_64 | 0.1.3 | 2.86 | 33.86 | 36.72 | OK | |
r-release-linux-x86_64 | OK | |||||
r-release-macos-arm64 | 0.1.3 | 34.00 | OK | |||
r-release-macos-x86_64 | 0.1.3 | 54.00 | OK | |||
r-release-windows-x86_64 | 0.1.3 | 6.00 | 65.00 | 71.00 | OK | |
r-oldrel-macos-arm64 | 0.1.3 | 24.00 | OK | |||
r-oldrel-macos-x86_64 | 0.1.3 | 41.00 | OK | |||
r-oldrel-windows-x86_64 | 0.1.3 | 5.00 | 63.00 | 68.00 | OK |
Version: 0.1.3
Check: CRAN incoming feasibility
Result: NOTE
Maintainer: ‘Hadley Wickham <hadley@rstudio.com>’
Package has help file(s) containing later-stage \Sexpr{} expressions
but no 'build/stage23.rdb' file.
Flavors: r-devel-linux-x86_64-debian-clang, r-devel-linux-x86_64-debian-gcc
These binaries (installable software) and packages are in development.
They may not be fully stable and should be used with caution. We make no claims about them.