CRAN Package Check Results for Package genetic.algo.optimizeR

Last updated on 2025-05-01 14:49:10 CEST.

Flavor Version Tinstall Tcheck Ttotal Status Flags
r-devel-linux-x86_64-debian-clang 0.3.3 9.90 92.85 102.75 NOTE
r-devel-linux-x86_64-debian-gcc 0.3.3 7.00 68.47 75.47 NOTE
r-devel-linux-x86_64-fedora-clang 0.3.3 162.59 NOTE
r-devel-linux-x86_64-fedora-gcc 0.3.3 151.97 NOTE
r-devel-windows-x86_64 0.3.3 11.00 101.00 112.00 NOTE
r-patched-linux-x86_64 0.3.3 8.38 86.48 94.86 NOTE
r-release-linux-x86_64 NOTE
r-release-macos-arm64 0.3.3 51.00 NOTE
r-release-macos-x86_64 0.3.3 65.00 OK
r-release-windows-x86_64 0.3.3 11.00 105.00 116.00 NOTE
r-oldrel-macos-arm64 0.3.3 53.00 OK
r-oldrel-macos-x86_64 0.3.3 93.00 OK
r-oldrel-windows-x86_64 0.3.3 15.00 124.00 139.00 OK

Check Details

Version: 0.3.3
Check: DESCRIPTION meta-information
Result: NOTE Missing dependency on R >= 4.2.0 because package code uses the pipe placeholder syntax added in R 4.2.0. File(s) using such syntax: ‘crossover.R’ ‘initialize_population.R’ ‘mutation.R’ Flavors: r-devel-linux-x86_64-debian-clang, r-devel-linux-x86_64-debian-gcc, r-devel-linux-x86_64-fedora-clang, r-devel-linux-x86_64-fedora-gcc, r-devel-windows-x86_64, r-patched-linux-x86_64, r-release-linux-x86_64, r-release-macos-arm64, r-release-windows-x86_64

These binaries (installable software) and packages are in development.
They may not be fully stable and should be used with caution. We make no claims about them.