Last updated on 2025-02-16 10:50:46 CET.
Flavor | Version | Tinstall | Tcheck | Ttotal | Status | Flags |
---|---|---|---|---|---|---|
r-devel-linux-x86_64-debian-clang | 0.4.0 | 17.35 | 152.65 | 170.00 | OK | |
r-devel-linux-x86_64-debian-gcc | 0.4.0 | 11.82 | 108.91 | 120.73 | OK | |
r-devel-linux-x86_64-fedora-clang | 0.4.0 | 269.46 | NOTE | |||
r-devel-linux-x86_64-fedora-gcc | 0.4.0 | 263.99 | NOTE | |||
r-devel-macos-arm64 | 0.4.0 | 80.00 | OK | |||
r-devel-macos-x86_64 | 0.4.0 | 144.00 | OK | |||
r-devel-windows-x86_64 | 0.4.0 | 19.00 | 140.00 | 159.00 | OK | |
r-patched-linux-x86_64 | 0.4.0 | 15.20 | 138.87 | 154.07 | OK | |
r-release-linux-x86_64 | 0.4.0 | 16.43 | 140.41 | 156.84 | OK | |
r-release-macos-arm64 | 0.4.0 | 72.00 | OK | |||
r-release-macos-x86_64 | 0.4.0 | 112.00 | OK | |||
r-release-windows-x86_64 | 0.4.0 | 19.00 | 158.00 | 177.00 | OK | |
r-oldrel-macos-arm64 | 0.4.0 | 78.00 | OK | |||
r-oldrel-macos-x86_64 | 0.4.0 | 129.00 | OK | |||
r-oldrel-windows-x86_64 | 0.4.0 | 24.00 | 165.00 | 189.00 | OK |
Version: 0.4.0
Check: dependencies in R code
Result: NOTE
Namespaces in Imports field not imported from:
‘GGEBiplots’ ‘calibrate’ ‘graphics’ ‘matrixStats’ ‘prettydoc’
‘reshape2’
All declared Imports should be used.
Flavors: r-devel-linux-x86_64-fedora-clang, r-devel-linux-x86_64-fedora-gcc
These binaries (installable software) and packages are in development.
They may not be fully stable and should be used with caution. We make no claims about them.