CRAN Package Check Results for Package geneticae

Last updated on 2025-05-08 04:52:05 CEST.

Flavor Version Tinstall Tcheck Ttotal Status Flags
r-devel-linux-x86_64-debian-clang 0.4.0 17.28 162.69 179.97 OK
r-devel-linux-x86_64-debian-gcc 0.4.0 12.93 113.55 126.48 OK
r-devel-linux-x86_64-fedora-clang 0.4.0 285.52 NOTE
r-devel-linux-x86_64-fedora-gcc 0.4.0 291.25 NOTE
r-devel-windows-x86_64 0.4.0 20.00 146.00 166.00 OK
r-patched-linux-x86_64 0.4.0 17.40 149.70 167.10 OK
r-release-linux-x86_64 0.4.0 16.96 149.67 166.63 OK
r-release-macos-arm64 0.4.0 75.00 OK
r-release-macos-x86_64 0.4.0 144.00 OK
r-release-windows-x86_64 0.4.0 19.00 146.00 165.00 OK
r-oldrel-macos-arm64 0.4.0 72.00 OK
r-oldrel-macos-x86_64 0.4.0 112.00 OK
r-oldrel-windows-x86_64 0.4.0 25.00 187.00 212.00 OK

Check Details

Version: 0.4.0
Check: dependencies in R code
Result: NOTE Namespaces in Imports field not imported from: ‘GGEBiplots’ ‘calibrate’ ‘graphics’ ‘matrixStats’ ‘prettydoc’ ‘reshape2’ All declared Imports should be used. Flavors: r-devel-linux-x86_64-fedora-clang, r-devel-linux-x86_64-fedora-gcc

These binaries (installable software) and packages are in development.
They may not be fully stable and should be used with caution. We make no claims about them.