CRAN Package Check Results for Package geneticae

Last updated on 2025-11-12 19:51:50 CET.

Flavor Version Tinstall Tcheck Ttotal Status Flags
r-devel-linux-x86_64-debian-clang 0.4.0 16.82 174.04 190.86 OK
r-devel-linux-x86_64-debian-gcc 0.4.0 13.14 121.19 134.33 OK
r-devel-linux-x86_64-fedora-clang 0.4.0 89.00 224.11 313.11 NOTE
r-devel-linux-x86_64-fedora-gcc 0.4.0 36.00 262.23 298.23 NOTE
r-devel-windows-x86_64 0.4.0 22.00 155.00 177.00 OK
r-patched-linux-x86_64 0.4.0 17.60 162.65 180.25 OK
r-release-linux-x86_64 0.4.0 15.71 163.04 178.75 OK
r-release-macos-arm64 0.4.0 7.00 68.00 75.00 OK
r-release-macos-x86_64 0.4.0 14.00 130.00 144.00 OK
r-release-windows-x86_64 0.4.0 21.00 155.00 176.00 OK
r-oldrel-macos-arm64 0.4.0 7.00 65.00 72.00 OK
r-oldrel-macos-x86_64 0.4.0 11.00 101.00 112.00 OK
r-oldrel-windows-x86_64 0.4.0 28.00 199.00 227.00 OK

Check Details

Version: 0.4.0
Check: dependencies in R code
Result: NOTE Namespaces in Imports field not imported from: ‘GGEBiplots’ ‘calibrate’ ‘graphics’ ‘matrixStats’ ‘prettydoc’ ‘reshape2’ All declared Imports should be used. Flavors: r-devel-linux-x86_64-fedora-clang, r-devel-linux-x86_64-fedora-gcc

These binaries (installable software) and packages are in development.
They may not be fully stable and should be used with caution. We make no claims about them.