Last updated on 2025-02-16 10:50:46 CET.
Flavor | Version | Tinstall | Tcheck | Ttotal | Status | Flags |
---|---|---|---|---|---|---|
r-devel-linux-x86_64-debian-clang | 1.0.5 | 35.33 | 25.12 | 60.45 | NOTE | |
r-devel-linux-x86_64-debian-gcc | 1.0.5 | 22.73 | 20.23 | 42.96 | NOTE | |
r-devel-linux-x86_64-fedora-clang | 1.0.5 | 129.83 | NOTE | |||
r-devel-linux-x86_64-fedora-gcc | 1.0.5 | 116.35 | NOTE | |||
r-devel-macos-arm64 | 1.0.5 | 32.00 | NOTE | |||
r-devel-macos-x86_64 | 1.0.5 | 41.00 | NOTE | |||
r-devel-windows-x86_64 | 1.0.5 | 38.00 | 74.00 | 112.00 | NOTE | |
r-patched-linux-x86_64 | 1.0.5 | 32.54 | 23.61 | 56.15 | NOTE | |
r-release-linux-x86_64 | 1.0.5 | 34.84 | 23.49 | 58.33 | NOTE | |
r-release-macos-arm64 | 1.0.5 | 36.00 | NOTE | |||
r-release-macos-x86_64 | 1.0.5 | 40.00 | NOTE | |||
r-release-windows-x86_64 | 1.0.5 | 38.00 | 74.00 | 112.00 | NOTE | |
r-oldrel-macos-arm64 | 1.0.5 | 44.00 | NOTE | |||
r-oldrel-macos-x86_64 | 1.0.5 | 67.00 | NOTE | |||
r-oldrel-windows-x86_64 | 1.0.5 | 41.00 | 84.00 | 125.00 | NOTE |
Version: 1.0.5
Check: C++ specification
Result: NOTE
Specified C++11: please drop specification unless essential
Flavors: r-devel-linux-x86_64-debian-clang, r-devel-linux-x86_64-debian-gcc, r-devel-linux-x86_64-fedora-clang, r-devel-linux-x86_64-fedora-gcc, r-devel-macos-arm64, r-devel-macos-x86_64, r-devel-windows-x86_64, r-patched-linux-x86_64, r-release-linux-x86_64, r-release-macos-arm64, r-release-macos-x86_64, r-release-windows-x86_64, r-oldrel-macos-arm64, r-oldrel-macos-x86_64, r-oldrel-windows-x86_64
These binaries (installable software) and packages are in development.
They may not be fully stable and should be used with caution. We make no claims about them.