Last updated on 2025-10-25 01:51:00 CEST.
| Flavor | Version | Tinstall | Tcheck | Ttotal | Status | Flags |
|---|---|---|---|---|---|---|
| r-devel-linux-x86_64-debian-clang | 1.0.5 | 35.92 | 27.65 | 63.57 | NOTE | |
| r-devel-linux-x86_64-debian-gcc | 1.0.5 | 24.41 | 23.22 | 47.63 | NOTE | |
| r-devel-linux-x86_64-fedora-clang | 1.0.5 | 117.00 | 9.21 | 126.21 | NOTE | |
| r-devel-linux-x86_64-fedora-gcc | 1.0.5 | 64.00 | 41.25 | 105.25 | NOTE | |
| r-devel-windows-x86_64 | 1.0.5 | 43.00 | 73.00 | 116.00 | NOTE | |
| r-patched-linux-x86_64 | 1.0.5 | 33.49 | 26.10 | 59.59 | NOTE | |
| r-release-linux-x86_64 | 1.0.5 | 35.90 | 26.42 | 62.32 | NOTE | |
| r-release-macos-arm64 | 1.0.5 | 14.00 | 21.00 | 35.00 | NOTE | |
| r-release-macos-x86_64 | 1.0.5 | 14.00 | 27.00 | 41.00 | NOTE | |
| r-release-windows-x86_64 | 1.0.5 | 44.00 | 74.00 | 118.00 | NOTE | |
| r-oldrel-macos-arm64 | 1.0.5 | 19.00 | 17.00 | 36.00 | NOTE | |
| r-oldrel-macos-x86_64 | 1.0.5 | 15.00 | 25.00 | 40.00 | NOTE | |
| r-oldrel-windows-x86_64 | 1.0.5 | 51.00 | 80.00 | 131.00 | NOTE |
Version: 1.0.5
Check: CRAN incoming feasibility
Result: NOTE
Maintainer: ‘Marek Gagolewski <marek@gagolewski.com>’
Package CITATION file contains call(s) to old-style personList() or
as.personList(). Please use c() on person objects instead.
Flavors: r-devel-linux-x86_64-debian-clang, r-devel-linux-x86_64-debian-gcc
Version: 1.0.5
Check: C++ specification
Result: NOTE
Specified C++11: please drop specification unless essential
Flavors: r-devel-linux-x86_64-debian-clang, r-devel-linux-x86_64-debian-gcc, r-devel-linux-x86_64-fedora-clang, r-devel-linux-x86_64-fedora-gcc, r-devel-windows-x86_64, r-patched-linux-x86_64, r-release-linux-x86_64, r-release-macos-arm64, r-release-macos-x86_64, r-release-windows-x86_64, r-oldrel-macos-arm64, r-oldrel-macos-x86_64, r-oldrel-windows-x86_64
These binaries (installable software) and packages are in development.
They may not be fully stable and should be used with caution. We make no claims about them.