Last updated on 2025-05-01 08:52:33 CEST.
Flavor | Version | Tinstall | Tcheck | Ttotal | Status | Flags |
---|---|---|---|---|---|---|
r-devel-linux-x86_64-debian-clang | 1.0.2 | 6.45 | 51.40 | 57.85 | NOTE | |
r-devel-linux-x86_64-debian-gcc | 1.0.2 | 4.23 | 36.47 | 40.70 | OK | |
r-devel-linux-x86_64-fedora-clang | 1.0.2 | 78.20 | OK | |||
r-devel-linux-x86_64-fedora-gcc | 1.0.2 | 74.61 | OK | |||
r-devel-windows-x86_64 | 1.0.2 | 8.00 | 84.00 | 92.00 | OK | |
r-patched-linux-x86_64 | 1.0.2 | 5.88 | 46.18 | 52.06 | OK | |
r-release-linux-x86_64 | OK | |||||
r-release-macos-arm64 | 1.0.2 | 38.00 | OK | |||
r-release-macos-x86_64 | 1.0.2 | 56.00 | OK | |||
r-release-windows-x86_64 | 1.0.2 | 9.00 | 84.00 | 93.00 | OK | |
r-oldrel-macos-arm64 | 1.0.2 | 32.00 | OK | |||
r-oldrel-macos-x86_64 | 1.0.2 | 45.00 | OK | |||
r-oldrel-windows-x86_64 | 1.0.2 | 9.00 | 91.00 | 100.00 | OK |
Version: 1.0.2
Check: examples
Result: NOTE
Examples with CPU (user + system) or elapsed time > 5s
user system elapsed
genlog_simu 0.099 0.008 5.635
Flavor: r-devel-linux-x86_64-debian-clang
These binaries (installable software) and packages are in development.
They may not be fully stable and should be used with caution. We make no claims about them.