Last updated on 2025-11-13 17:50:35 CET.
| Flavor | Version | Tinstall | Tcheck | Ttotal | Status | Flags |
|---|---|---|---|---|---|---|
| r-devel-linux-x86_64-debian-clang | 0.1.19 | 11.77 | 80.07 | 91.84 | NOTE | |
| r-devel-linux-x86_64-debian-gcc | 0.1.19 | 8.59 | 55.51 | 64.10 | NOTE | |
| r-devel-linux-x86_64-fedora-clang | 0.1.19 | 51.00 | 96.84 | 147.84 | OK | |
| r-devel-linux-x86_64-fedora-gcc | 0.1.19 | 22.00 | 106.39 | 128.39 | OK | |
| r-devel-windows-x86_64 | 0.1.19 | 14.00 | 85.00 | 99.00 | OK | |
| r-patched-linux-x86_64 | 0.1.19 | 10.40 | 72.72 | 83.12 | OK | |
| r-release-linux-x86_64 | 0.1.19 | 10.73 | 73.92 | 84.65 | OK | |
| r-release-macos-arm64 | 0.1.19 | 4.00 | 27.00 | 31.00 | OK | |
| r-release-macos-x86_64 | 0.1.19 | 8.00 | 52.00 | 60.00 | OK | |
| r-release-windows-x86_64 | 0.1.19 | 13.00 | 84.00 | 97.00 | OK | |
| r-oldrel-macos-arm64 | 0.1.19 | 4.00 | 28.00 | 32.00 | OK | |
| r-oldrel-macos-x86_64 | 0.1.19 | 6.00 | 42.00 | 48.00 | OK | |
| r-oldrel-windows-x86_64 | 0.1.19 | 18.00 | 104.00 | 122.00 | OK |
Version: 0.1.19
Check: CRAN incoming feasibility
Result: NOTE
Maintainer: ‘Torben Tvedebrink <tvede@math.aau.dk>’
No Authors@R field in DESCRIPTION.
Please add one, modifying
Authors@R: person(given = "Torben",
family = "Tvedebrink",
role = c("aut", "cre"),
email = "tvede@math.aau.dk")
as necessary.
Package CITATION file contains call(s) to old-style personList() or
as.personList(). Please use c() on person objects instead.
Package CITATION file contains call(s) to old-style citEntry(). Please
use bibentry() instead.
Flavors: r-devel-linux-x86_64-debian-clang, r-devel-linux-x86_64-debian-gcc
These binaries (installable software) and packages are in development.
They may not be fully stable and should be used with caution. We make no claims about them.