Last updated on 2025-10-09 21:50:18 CEST.
Flavor | Version | Tinstall | Tcheck | Ttotal | Status | Flags |
---|---|---|---|---|---|---|
r-devel-linux-x86_64-debian-clang | 1.7 | 17.96 | 152.55 | 170.51 | OK | |
r-devel-linux-x86_64-debian-gcc | 1.7 | 12.42 | 110.58 | 123.00 | OK | |
r-devel-linux-x86_64-fedora-clang | 1.7 | 266.19 | OK | |||
r-devel-linux-x86_64-fedora-gcc | 1.7 | 251.32 | OK | |||
r-devel-windows-x86_64 | 1.7 | 16.00 | 145.00 | 161.00 | OK | |
r-patched-linux-x86_64 | 1.7 | 17.94 | 144.68 | 162.62 | OK | |
r-release-linux-x86_64 | 1.7 | 15.91 | 145.52 | 161.43 | OK | |
r-release-macos-arm64 | 1.7 | 5.00 | ERROR | |||
r-release-macos-x86_64 | 1.7 | 167.00 | OK | |||
r-release-windows-x86_64 | 1.7 | 16.00 | 146.00 | 162.00 | OK | |
r-oldrel-macos-arm64 | 1.7 | 10.00 | ERROR | |||
r-oldrel-macos-x86_64 | 1.7 | 136.00 | OK | |||
r-oldrel-windows-x86_64 | 1.7 | 20.00 | 189.00 | 209.00 | OK |
Version: 1.7
Check: package dependencies
Result: ERROR
Package required but not available: ‘reactome.db’
See section ‘The DESCRIPTION file’ in the ‘Writing R Extensions’
manual.
Flavors: r-release-macos-arm64, r-oldrel-macos-arm64
These binaries (installable software) and packages are in development.
They may not be fully stable and should be used with caution. We make no claims about them.