Last updated on 2025-02-16 10:50:46 CET.
Flavor | Version | Tinstall | Tcheck | Ttotal | Status | Flags |
---|---|---|---|---|---|---|
r-devel-linux-x86_64-debian-clang | 1.7 | 18.94 | 152.77 | 171.71 | OK | |
r-devel-linux-x86_64-debian-gcc | 1.7 | 13.72 | 111.94 | 125.66 | OK | |
r-devel-linux-x86_64-fedora-clang | 1.7 | 264.53 | OK | |||
r-devel-linux-x86_64-fedora-gcc | 1.7 | 254.32 | OK | |||
r-devel-macos-arm64 | 1.7 | 5.00 | ERROR | |||
r-devel-macos-x86_64 | 1.7 | 174.00 | OK | |||
r-devel-windows-x86_64 | 1.7 | 16.00 | 146.00 | 162.00 | OK | |
r-patched-linux-x86_64 | 1.7 | 15.72 | 137.31 | 153.03 | OK | |
r-release-linux-x86_64 | 1.7 | 16.24 | 136.25 | 152.49 | OK | |
r-release-macos-arm64 | 1.7 | 14.00 | ERROR | |||
r-release-macos-x86_64 | 1.7 | 136.00 | OK | |||
r-release-windows-x86_64 | 1.7 | 16.00 | 151.00 | 167.00 | OK | |
r-oldrel-macos-arm64 | 1.7 | 12.00 | ERROR | |||
r-oldrel-macos-x86_64 | 1.7 | 10.00 | ERROR | |||
r-oldrel-windows-x86_64 | 1.7 | 16.00 | 178.00 | 194.00 | OK |
Version: 1.7
Check: package dependencies
Result: ERROR
Package required but not available: ‘reactome.db’
See section ‘The DESCRIPTION file’ in the ‘Writing R Extensions’
manual.
Flavors: r-devel-macos-arm64, r-release-macos-arm64, r-oldrel-macos-arm64, r-oldrel-macos-x86_64
These binaries (installable software) and packages are in development.
They may not be fully stable and should be used with caution. We make no claims about them.