Last updated on 2025-11-11 15:50:34 CET.
| Flavor | Version | Tinstall | Tcheck | Ttotal | Status | Flags |
|---|---|---|---|---|---|---|
| r-devel-linux-x86_64-debian-clang | 1.7 | 16.57 | 153.62 | 170.19 | OK | |
| r-devel-linux-x86_64-debian-gcc | 1.7 | 12.73 | 109.16 | 121.89 | OK | |
| r-devel-linux-x86_64-fedora-clang | 1.7 | 74.00 | 202.60 | 276.60 | OK | |
| r-devel-linux-x86_64-fedora-gcc | 1.7 | 38.00 | 212.57 | 250.57 | OK | |
| r-devel-windows-x86_64 | 1.7 | 17.00 | 144.00 | 161.00 | OK | |
| r-patched-linux-x86_64 | 1.7 | 17.85 | 144.87 | 162.72 | OK | |
| r-release-linux-x86_64 | 1.7 | 16.62 | 146.03 | 162.65 | OK | |
| r-release-macos-arm64 | 1.7 | 5.00 | ERROR | |||
| r-release-macos-x86_64 | 1.7 | 26.00 | 141.00 | 167.00 | OK | |
| r-release-windows-x86_64 | 1.7 | 15.00 | 142.00 | 157.00 | OK | |
| r-oldrel-macos-arm64 | 1.7 | 10.00 | ERROR | |||
| r-oldrel-macos-x86_64 | 1.7 | 12.00 | 124.00 | 136.00 | OK | |
| r-oldrel-windows-x86_64 | 1.7 | 15.00 | 177.00 | 192.00 | OK |
Version: 1.7
Check: package dependencies
Result: ERROR
Package required but not available: ‘reactome.db’
See section ‘The DESCRIPTION file’ in the ‘Writing R Extensions’
manual.
Flavors: r-release-macos-arm64, r-oldrel-macos-arm64
These binaries (installable software) and packages are in development.
They may not be fully stable and should be used with caution. We make no claims about them.