Last updated on 2025-05-08 04:52:05 CEST.
Flavor | Version | Tinstall | Tcheck | Ttotal | Status | Flags |
---|---|---|---|---|---|---|
r-devel-linux-x86_64-debian-clang | 1.0.4 | 15.04 | 198.97 | 214.01 | NOTE | |
r-devel-linux-x86_64-debian-gcc | 1.0.4 | 8.79 | 123.62 | 132.41 | NOTE | |
r-devel-linux-x86_64-fedora-clang | 1.0.4 | 334.07 | NOTE | |||
r-devel-linux-x86_64-fedora-gcc | 1.0.4 | 336.09 | NOTE | |||
r-devel-windows-x86_64 | 1.0.4 | 18.00 | 206.00 | 224.00 | NOTE | |
r-patched-linux-x86_64 | 1.0.4 | 16.39 | 185.56 | 201.95 | NOTE | |
r-release-linux-x86_64 | 1.0.4 | 14.85 | 185.24 | 200.09 | NOTE | |
r-release-macos-arm64 | 1.0.4 | 91.00 | NOTE | |||
r-release-macos-x86_64 | 1.0.4 | 175.00 | NOTE | |||
r-release-windows-x86_64 | 1.0.4 | 17.00 | 209.00 | 226.00 | NOTE | |
r-oldrel-macos-arm64 | 1.0.4 | 81.00 | NOTE | |||
r-oldrel-macos-x86_64 | 1.0.4 | 128.00 | NOTE | |||
r-oldrel-windows-x86_64 | 1.0.4 | 22.00 | 260.00 | 282.00 | NOTE |
Version: 1.0.4
Check: package subdirectories
Result: NOTE
Problems with news in ‘NEWS.md’:
No news entries found.
Flavors: r-devel-linux-x86_64-debian-clang, r-devel-linux-x86_64-debian-gcc, r-devel-linux-x86_64-fedora-clang, r-devel-linux-x86_64-fedora-gcc, r-devel-windows-x86_64, r-patched-linux-x86_64, r-release-linux-x86_64, r-release-macos-arm64, r-release-macos-x86_64, r-release-windows-x86_64, r-oldrel-macos-arm64, r-oldrel-macos-x86_64, r-oldrel-windows-x86_64
Version: 1.0.4
Check: for unstated dependencies in ‘demo’
Result: NOTE
'library' or 'require' call not declared from: ‘gridExtra’
Flavors: r-devel-linux-x86_64-debian-clang, r-devel-linux-x86_64-debian-gcc, r-patched-linux-x86_64, r-release-linux-x86_64
These binaries (installable software) and packages are in development.
They may not be fully stable and should be used with caution. We make no claims about them.