CRAN Package Check Results for Package genpwr

Last updated on 2025-11-13 09:50:47 CET.

Flavor Version Tinstall Tcheck Ttotal Status Flags
r-devel-linux-x86_64-debian-clang 1.0.4 16.31 211.84 228.15 NOTE
r-devel-linux-x86_64-debian-gcc 1.0.4 9.54 133.05 142.59 NOTE
r-devel-linux-x86_64-fedora-clang 1.0.4 65.00 313.36 378.36 NOTE
r-devel-linux-x86_64-fedora-gcc 1.0.4 35.00 314.00 349.00 NOTE
r-devel-windows-x86_64 1.0.4 18.00 216.00 234.00 NOTE
r-patched-linux-x86_64 1.0.4 14.24 195.57 209.81 NOTE
r-release-linux-x86_64 1.0.4 14.49 194.75 209.24 NOTE
r-release-macos-arm64 1.0.4 6.00 85.00 91.00 NOTE
r-release-macos-x86_64 1.0.4 12.00 163.00 175.00 NOTE
r-release-windows-x86_64 1.0.4 16.00 214.00 230.00 NOTE
r-oldrel-macos-arm64 1.0.4 6.00 75.00 81.00 NOTE
r-oldrel-macos-x86_64 1.0.4 9.00 119.00 128.00 NOTE
r-oldrel-windows-x86_64 1.0.4 22.00 260.00 282.00 NOTE

Check Details

Version: 1.0.4
Check: package subdirectories
Result: NOTE Problems with news in ‘NEWS.md’: No news entries found. Flavors: r-devel-linux-x86_64-debian-clang, r-devel-linux-x86_64-debian-gcc, r-devel-linux-x86_64-fedora-clang, r-devel-linux-x86_64-fedora-gcc, r-devel-windows-x86_64, r-patched-linux-x86_64, r-release-linux-x86_64, r-release-macos-arm64, r-release-macos-x86_64, r-release-windows-x86_64, r-oldrel-macos-arm64, r-oldrel-macos-x86_64, r-oldrel-windows-x86_64

Version: 1.0.4
Check: for unstated dependencies in ‘demo’
Result: NOTE 'library' or 'require' call not declared from: ‘gridExtra’ Flavors: r-devel-linux-x86_64-debian-clang, r-devel-linux-x86_64-debian-gcc, r-patched-linux-x86_64, r-release-linux-x86_64

These binaries (installable software) and packages are in development.
They may not be fully stable and should be used with caution. We make no claims about them.