CRAN Package Check Results for Package genstab

Last updated on 2025-07-01 15:49:49 CEST.

Flavor Version Tinstall Tcheck Ttotal Status Flags
r-devel-linux-x86_64-debian-clang 1.0.0 2.07 20.55 22.62 NOTE
r-devel-linux-x86_64-debian-gcc 1.0.0 1.48 16.74 18.22 NOTE
r-devel-linux-x86_64-fedora-clang 1.0.0 35.40 OK
r-devel-linux-x86_64-fedora-gcc 1.0.0 34.17 OK
r-devel-windows-x86_64 1.0.0 3.00 39.00 42.00 OK
r-patched-linux-x86_64 OK
r-release-linux-x86_64 1.0.0 2.01 19.51 21.52 OK
r-release-macos-arm64 1.0.0 17.00 OK
r-release-macos-x86_64 1.0.0 32.00 OK
r-release-windows-x86_64 1.0.0 3.00 42.00 45.00 OK
r-oldrel-macos-arm64 1.0.0 16.00 OK
r-oldrel-macos-x86_64 1.0.0 20.00 OK
r-oldrel-windows-x86_64 1.0.0 3.00 37.00 40.00 OK

Check Details

Version: 1.0.0
Check: CRAN incoming feasibility
Result: NOTE Maintainer: ‘Jixiang Wu <jixiang.wu@sdstate.edu>’ No Authors@R field in DESCRIPTION. Please add one, modifying Authors@R: person(given = "Jixiang", family = "Wu", role = c("aut", "cre"), email = "jixiang.wu@sdstate.edu") as necessary. Flavors: r-devel-linux-x86_64-debian-clang, r-devel-linux-x86_64-debian-gcc

These binaries (installable software) and packages are in development.
They may not be fully stable and should be used with caution. We make no claims about them.