Last updated on 2025-11-15 11:50:45 CET.
| Flavor | Version | Tinstall | Tcheck | Ttotal | Status | Flags |
|---|---|---|---|---|---|---|
| r-devel-linux-x86_64-debian-clang | 0.7.4 | 45.42 | 52.78 | 98.20 | NOTE | |
| r-devel-linux-x86_64-debian-gcc | 0.7.4 | 28.32 | 38.40 | 66.72 | NOTE | |
| r-devel-linux-x86_64-fedora-clang | 0.7.4 | 96.00 | 56.89 | 152.89 | OK | |
| r-devel-linux-x86_64-fedora-gcc | 0.7.4 | 87.00 | 57.61 | 144.61 | OK | |
| r-devel-windows-x86_64 | 0.7.4 | 56.00 | 75.00 | 131.00 | OK | |
| r-patched-linux-x86_64 | 0.7.4 | 37.54 | 50.51 | 88.05 | NOTE | |
| r-release-linux-x86_64 | 0.7.4 | 37.39 | 51.03 | 88.42 | NOTE | |
| r-release-macos-arm64 | 0.7.4 | 24.00 | 24.00 | 48.00 | OK | |
| r-release-macos-x86_64 | 0.7.4 | 22.00 | 48.00 | 70.00 | OK | |
| r-release-windows-x86_64 | 0.7.4 | 52.00 | 73.00 | 125.00 | OK | |
| r-oldrel-macos-arm64 | 0.7.4 | 23.00 | 36.00 | 59.00 | OK | |
| r-oldrel-macos-x86_64 | 0.7.4 | 23.00 | 44.00 | 67.00 | OK | |
| r-oldrel-windows-x86_64 | 0.7.4 | 63.00 | 90.00 | 153.00 | OK |
Version: 0.7.4
Check: for unstated dependencies in ‘demo’
Result: NOTE
'::' or ':::' import not declared from: ‘geoR’
'library' or 'require' call not declared from: ‘geoR’
Flavors: r-devel-linux-x86_64-debian-clang, r-devel-linux-x86_64-debian-gcc, r-patched-linux-x86_64, r-release-linux-x86_64
These binaries (installable software) and packages are in development.
They may not be fully stable and should be used with caution. We make no claims about them.