Last updated on 2025-10-24 11:50:47 CEST.
| Flavor | Version | Tinstall | Tcheck | Ttotal | Status | Flags |
|---|---|---|---|---|---|---|
| r-devel-linux-x86_64-debian-clang | 0.7.4 | 40.19 | 54.09 | 94.28 | NOTE | |
| r-devel-linux-x86_64-debian-gcc | 0.7.4 | 26.00 | 38.73 | 64.73 | NOTE | |
| r-devel-linux-x86_64-fedora-clang | 0.7.4 | 95.00 | 51.26 | 146.26 | OK | |
| r-devel-linux-x86_64-fedora-gcc | 0.7.4 | 86.00 | 56.70 | 142.70 | OK | |
| r-devel-windows-x86_64 | 0.7.4 | 48.00 | 75.00 | 123.00 | OK | |
| r-patched-linux-x86_64 | 0.7.4 | 38.67 | 49.97 | 88.64 | NOTE | |
| r-release-linux-x86_64 | 0.7.4 | 34.81 | 51.04 | 85.85 | NOTE | |
| r-release-macos-arm64 | 0.7.4 | 24.00 | 24.00 | 48.00 | OK | |
| r-release-macos-x86_64 | 0.7.4 | 22.00 | 48.00 | 70.00 | OK | |
| r-release-windows-x86_64 | 0.7.4 | 51.00 | 76.00 | 127.00 | OK | |
| r-oldrel-macos-arm64 | 0.7.4 | 23.00 | 36.00 | 59.00 | OK | |
| r-oldrel-macos-x86_64 | 0.7.4 | 23.00 | 44.00 | 67.00 | OK | |
| r-oldrel-windows-x86_64 | 0.7.4 | 60.00 | 91.00 | 151.00 | OK |
Version: 0.7.4
Check: for unstated dependencies in ‘demo’
Result: NOTE
'::' or ':::' import not declared from: ‘geoR’
'library' or 'require' call not declared from: ‘geoR’
Flavors: r-devel-linux-x86_64-debian-clang, r-devel-linux-x86_64-debian-gcc, r-patched-linux-x86_64, r-release-linux-x86_64
These binaries (installable software) and packages are in development.
They may not be fully stable and should be used with caution. We make no claims about them.