Last updated on 2025-10-25 09:49:31 CEST.
| Flavor | Version | Tinstall | Tcheck | Ttotal | Status | Flags |
|---|---|---|---|---|---|---|
| r-devel-linux-x86_64-debian-clang | 0.1.1 | 20.10 | 49.02 | 69.12 | WARN | |
| r-devel-linux-x86_64-debian-gcc | 0.1.1 | 12.09 | 34.79 | 46.88 | WARN | |
| r-devel-linux-x86_64-fedora-clang | 0.1.1 | 51.00 | 57.90 | 108.90 | NOTE | |
| r-devel-linux-x86_64-fedora-gcc | 0.1.1 | 42.00 | 51.75 | 93.75 | NOTE | |
| r-devel-windows-x86_64 | 0.1.1 | 24.00 | 71.00 | 95.00 | NOTE | |
| r-patched-linux-x86_64 | 0.1.1 | 18.97 | 45.01 | 63.98 | NOTE | |
| r-release-linux-x86_64 | 0.1.1 | 19.56 | 45.08 | 64.64 | NOTE | |
| r-release-macos-arm64 | 0.1.1 | 9.00 | 25.00 | 34.00 | NOTE | |
| r-release-macos-x86_64 | 0.1.1 | 11.00 | 36.00 | 47.00 | NOTE | |
| r-release-windows-x86_64 | 0.1.1 | 24.00 | 72.00 | 96.00 | NOTE | |
| r-oldrel-macos-arm64 | 0.1.1 | 8.00 | 20.00 | 28.00 | NOTE | |
| r-oldrel-macos-x86_64 | 0.1.1 | 10.00 | 29.00 | 39.00 | NOTE | |
| r-oldrel-windows-x86_64 | 0.1.1 | 29.00 | 88.00 | 117.00 | NOTE |
Version: 0.1.1
Check: whether package can be installed
Result: WARN
Found the following significant warnings:
/home/hornik/tmp/R.check/r-devel-clang/Work/build/Packages/RcppArmadillo/include/RcppArmadillo/version/arma.h:66:17: warning: Using fallback compilation with Armadillo 14.6.3. Please consider defining -DARMA_USE_CURRENT and also removing C++11 compilation directive. See GitHub issue #475 for more. [-W#pragma-messages]
See ‘/home/hornik/tmp/R.check/r-devel-clang/Work/PKGS/geoFKF.Rcheck/00install.out’ for details.
* used C++ compiler: ‘Debian clang version 19.1.7 (7)’
Flavor: r-devel-linux-x86_64-debian-clang
Version: 0.1.1
Check: C++ specification
Result: NOTE
Specified C++11: please drop specification unless essential
Flavors: r-devel-linux-x86_64-debian-clang, r-devel-linux-x86_64-debian-gcc, r-devel-linux-x86_64-fedora-clang, r-devel-linux-x86_64-fedora-gcc, r-devel-windows-x86_64, r-patched-linux-x86_64, r-release-linux-x86_64, r-release-macos-arm64, r-release-macos-x86_64, r-release-windows-x86_64, r-oldrel-macos-arm64, r-oldrel-macos-x86_64, r-oldrel-windows-x86_64
Version: 0.1.1
Check: whether package can be installed
Result: WARN
Found the following significant warnings:
/home/hornik/tmp/R.check/r-devel-gcc/Work/build/Packages/RcppArmadillo/include/RcppArmadillo/version/arma.h:66:199: note: ‘#pragma message: Using fallback compilation with Armadillo 14.6.3. Please consider defining -DARMA_USE_CURRENT and also removing C++11 compilation directive. See GitHub issue #475 for more.’
See ‘/home/hornik/tmp/R.check/r-devel-gcc/Work/PKGS/geoFKF.Rcheck/00install.out’ for details.
* used C++ compiler: ‘g++-15 (Debian 15.2.0-4) 15.2.0’
Flavor: r-devel-linux-x86_64-debian-gcc
These binaries (installable software) and packages are in development.
They may not be fully stable and should be used with caution. We make no claims about them.