CRAN Package Check Results for Package geoTS

Last updated on 2025-07-19 13:50:13 CEST.

Flavor Version Tinstall Tcheck Ttotal Status Flags
r-devel-linux-x86_64-debian-clang 0.1.8 26.61 224.61 251.22 NOTE
r-devel-linux-x86_64-debian-gcc 0.1.8 15.18 145.09 160.27 NOTE
r-devel-linux-x86_64-fedora-clang 0.1.8 404.37 OK
r-devel-linux-x86_64-fedora-gcc 0.1.8 402.00 OK
r-devel-windows-x86_64 0.1.8 24.00 174.00 198.00 NOTE
r-patched-linux-x86_64 0.1.8 25.65 216.30 241.95 NOTE
r-release-linux-x86_64 0.1.8 23.97 216.62 240.59 NOTE
r-release-macos-arm64 0.1.8 87.00 OK
r-release-macos-x86_64 0.1.8 182.00 OK
r-release-windows-x86_64 0.1.8 24.00 172.00 196.00 NOTE
r-oldrel-macos-arm64 0.1.8 82.00 OK
r-oldrel-macos-x86_64 0.1.8 135.00 OK
r-oldrel-windows-x86_64 0.1.8 36.00 242.00 278.00 OK

Check Details

Version: 0.1.8
Check: Rd cross-references
Result: NOTE Found the following Rd file(s) with Rd \link{} targets missing package anchors: geoTS-package.Rd: reclassify Please provide package anchors for all Rd \link{} targets not in the package itself and the base packages. Flavors: r-devel-linux-x86_64-debian-clang, r-devel-linux-x86_64-debian-gcc, r-devel-windows-x86_64, r-patched-linux-x86_64, r-release-linux-x86_64, r-release-windows-x86_64

These binaries (installable software) and packages are in development.
They may not be fully stable and should be used with caution. We make no claims about them.