Last updated on 2025-02-16 10:50:46 CET.
Flavor | Version | Tinstall | Tcheck | Ttotal | Status | Flags |
---|---|---|---|---|---|---|
r-devel-linux-x86_64-debian-clang | 0.2.1 | 11.31 | 32.47 | 43.78 | NOTE | |
r-devel-linux-x86_64-debian-gcc | 0.2.1 | 9.38 | 24.23 | 33.61 | NOTE | |
r-devel-linux-x86_64-fedora-clang | 0.2.1 | 77.65 | OK | |||
r-devel-linux-x86_64-fedora-gcc | 0.2.1 | 73.30 | OK | |||
r-devel-macos-arm64 | 0.2.1 | 23.00 | OK | |||
r-devel-macos-x86_64 | 0.2.1 | 62.00 | OK | |||
r-devel-windows-x86_64 | 0.2.1 | 18.00 | 61.00 | 79.00 | NOTE | |
r-patched-linux-x86_64 | 0.2.1 | 12.86 | 30.68 | 43.54 | OK | |
r-release-linux-x86_64 | 0.2.1 | 11.69 | 30.66 | 42.35 | OK | |
r-release-macos-arm64 | 0.2.1 | 27.00 | OK | |||
r-release-macos-x86_64 | 0.2.1 | 63.00 | OK | |||
r-release-windows-x86_64 | 0.2.1 | 21.00 | 67.00 | 88.00 | OK | |
r-oldrel-macos-arm64 | 0.2.1 | 37.00 | OK | |||
r-oldrel-macos-x86_64 | 0.2.1 | 68.00 | OK | |||
r-oldrel-windows-x86_64 | 0.2.1 | 23.00 | 65.00 | 88.00 | OK |
Version: 0.2.1
Check: Rd cross-references
Result: NOTE
Found the following Rd file(s) with Rd \link{} targets missing package
anchors:
geoarrow_handle.Rd: as_nanoarrow_array
infer_geoarrow_schema.Rd: as_nanoarrow_schema
Please provide package anchors for all Rd \link{} targets not in the
package itself and the base packages.
Flavors: r-devel-linux-x86_64-debian-clang, r-devel-linux-x86_64-debian-gcc, r-devel-windows-x86_64
These binaries (installable software) and packages are in development.
They may not be fully stable and should be used with caution. We make no claims about them.