Last updated on 2025-10-23 11:50:14 CEST.
Flavor | Version | Tinstall | Tcheck | Ttotal | Status | Flags |
---|---|---|---|---|---|---|
r-devel-linux-x86_64-debian-clang | 1.9.1 | 4.44 | 59.96 | 64.40 | NOTE | |
r-devel-linux-x86_64-debian-gcc | 1.9.1 | 3.59 | 43.64 | 47.23 | OK | |
r-devel-linux-x86_64-fedora-clang | 1.9.1 | 14.00 | 85.67 | 99.67 | OK | |
r-devel-linux-x86_64-fedora-gcc | 1.9.1 | 10.00 | 100.83 | 110.83 | OK | |
r-devel-windows-x86_64 | 1.9.1 | 7.00 | 77.00 | 84.00 | OK | |
r-patched-linux-x86_64 | 1.9.1 | 5.61 | 55.68 | 61.29 | OK | |
r-release-linux-x86_64 | 1.9.1 | 4.48 | 56.70 | 61.18 | OK | |
r-release-macos-arm64 | 1.9.1 | 3.00 | 41.00 | 44.00 | OK | |
r-release-macos-x86_64 | 1.9.1 | 4.00 | 60.00 | 64.00 | OK | |
r-release-windows-x86_64 | 1.9.1 | 9.00 | 81.00 | 90.00 | OK | |
r-oldrel-macos-arm64 | 1.9.1 | 2.00 | 34.00 | 36.00 | OK | |
r-oldrel-macos-x86_64 | 1.9.1 | 4.00 | 65.00 | 69.00 | OK | |
r-oldrel-windows-x86_64 | 1.9.1 | 10.00 | 95.00 | 105.00 | OK |
Version: 1.9.1
Check: HTML version of manual
Result: NOTE
Found the following HTML validation problems:
download_gpkg.html:62:1 (download_gpkg.Rd:22): Warning: missing </ul> before </div>
load_gpkg.html:46:1 (load_gpkg.Rd:10): Warning: missing </ul> before </div>
select_data_type.html:50:1 (select_data_type.Rd:12): Warning: missing </ul> before </div>
select_year_input.html:50:1 (select_year_input.Rd:12): Warning: missing </ul> before </div>
Flavor: r-devel-linux-x86_64-debian-clang
These binaries (installable software) and packages are in development.
They may not be fully stable and should be used with caution. We make no claims about them.