Last updated on 2025-10-24 05:50:40 CEST.
| Flavor | Version | Tinstall | Tcheck | Ttotal | Status | Flags |
|---|---|---|---|---|---|---|
| r-devel-linux-x86_64-debian-clang | 0.1.0 | 4.37 | 37.65 | 42.02 | OK | |
| r-devel-linux-x86_64-debian-gcc | 0.1.0 | 2.98 | 27.95 | 30.93 | OK | |
| r-devel-linux-x86_64-fedora-clang | 0.1.0 | 12.00 | 50.91 | 62.91 | NOTE | |
| r-devel-linux-x86_64-fedora-gcc | 0.1.0 | 57.80 | NOTE | |||
| r-devel-windows-x86_64 | 0.1.0 | 6.00 | 51.00 | 57.00 | OK | |
| r-patched-linux-x86_64 | 0.1.0 | 4.21 | 34.55 | 38.76 | OK | |
| r-release-linux-x86_64 | 0.1.0 | 4.16 | 34.34 | 38.50 | OK | |
| r-release-macos-arm64 | 0.1.0 | 2.00 | 22.00 | 24.00 | OK | |
| r-release-macos-x86_64 | 0.1.0 | 3.00 | 40.00 | 43.00 | OK | |
| r-release-windows-x86_64 | 0.1.0 | 6.00 | 54.00 | 60.00 | OK | |
| r-oldrel-macos-arm64 | 0.1.0 | 2.00 | 20.00 | 22.00 | NOTE | |
| r-oldrel-macos-x86_64 | 0.1.0 | 3.00 | 29.00 | 32.00 | NOTE | |
| r-oldrel-windows-x86_64 | 0.1.0 | 7.00 | 65.00 | 72.00 | NOTE |
Version: 0.1.0
Check: dependencies in R code
Result: NOTE
Namespace in Imports field not imported from: ‘tibble’
All declared Imports should be used.
Flavors: r-devel-linux-x86_64-fedora-clang, r-devel-linux-x86_64-fedora-gcc
Version: 0.1.0
Check: LazyData
Result: NOTE
'LazyData' is specified without a 'data' directory
Flavors: r-oldrel-macos-arm64, r-oldrel-macos-x86_64, r-oldrel-windows-x86_64
These binaries (installable software) and packages are in development.
They may not be fully stable and should be used with caution. We make no claims about them.