CRAN Package Check Results for Package geocacheR

Last updated on 2025-05-08 04:52:05 CEST.

Flavor Version Tinstall Tcheck Ttotal Status Flags
r-devel-linux-x86_64-debian-clang 0.1.0 4.58 36.05 40.63 OK
r-devel-linux-x86_64-debian-gcc 0.1.0 2.89 26.02 28.91 OK
r-devel-linux-x86_64-fedora-clang 0.1.0 60.49 NOTE
r-devel-linux-x86_64-fedora-gcc 0.1.0 57.70 NOTE
r-devel-windows-x86_64 0.1.0 6.00 52.00 58.00 OK
r-patched-linux-x86_64 0.1.0 4.14 32.98 37.12 OK
r-release-linux-x86_64 0.1.0 4.28 33.00 37.28 OK
r-release-macos-arm64 0.1.0 24.00 OK
r-release-macos-x86_64 0.1.0 43.00 OK
r-release-windows-x86_64 0.1.0 6.00 54.00 60.00 OK
r-oldrel-macos-arm64 0.1.0 22.00 NOTE
r-oldrel-macos-x86_64 0.1.0 32.00 NOTE
r-oldrel-windows-x86_64 0.1.0 7.00 62.00 69.00 NOTE

Check Details

Version: 0.1.0
Check: dependencies in R code
Result: NOTE Namespace in Imports field not imported from: ‘tibble’ All declared Imports should be used. Flavors: r-devel-linux-x86_64-fedora-clang, r-devel-linux-x86_64-fedora-gcc

Version: 0.1.0
Check: LazyData
Result: NOTE 'LazyData' is specified without a 'data' directory Flavors: r-oldrel-macos-arm64, r-oldrel-macos-x86_64, r-oldrel-windows-x86_64

These binaries (installable software) and packages are in development.
They may not be fully stable and should be used with caution. We make no claims about them.