CRAN Package Check Results for Package geocmeans

Last updated on 2025-10-23 11:50:14 CEST.

Flavor Version Tinstall Tcheck Ttotal Status Flags
r-devel-linux-x86_64-debian-clang 0.3.4 107.74 538.75 646.49 OK
r-devel-linux-x86_64-debian-gcc 0.3.4 70.03 352.88 422.91 OK
r-devel-linux-x86_64-fedora-clang 0.3.4 74.00 550.52 624.52 OK
r-devel-linux-x86_64-fedora-gcc 0.3.4 184.00 808.03 992.03 OK
r-devel-windows-x86_64 0.3.4 121.00 499.00 620.00 OK
r-patched-linux-x86_64 0.3.4 109.72 500.18 609.90 OK
r-release-linux-x86_64 0.3.4 108.74 503.70 612.44 OK
r-release-macos-arm64 0.3.4 38.00 191.00 229.00 OK
r-release-macos-x86_64 0.3.4 52.00 381.00 433.00 OK
r-release-windows-x86_64 0.3.4 121.00 494.00 615.00 OK
r-oldrel-macos-arm64 0.3.4 44.00 194.00 238.00 NOTE
r-oldrel-macos-x86_64 0.3.4 45.00 310.00 355.00 NOTE
r-oldrel-windows-x86_64 0.3.4 151.00 686.00 837.00 NOTE

Check Details

Version: 0.3.4
Check: installed package size
Result: NOTE installed size is 9.5Mb sub-directories of 1Mb or more: extdata 3.0Mb libs 4.0Mb Flavors: r-oldrel-macos-arm64, r-oldrel-macos-x86_64, r-oldrel-windows-x86_64

These binaries (installable software) and packages are in development.
They may not be fully stable and should be used with caution. We make no claims about them.