Last updated on 2025-07-24 13:49:14 CEST.
Flavor | Version | Tinstall | Tcheck | Ttotal | Status | Flags |
---|---|---|---|---|---|---|
r-devel-linux-x86_64-debian-clang | 0.3.4 | 103.97 | 518.81 | 622.78 | OK | |
r-devel-linux-x86_64-debian-gcc | 0.3.4 | 78.72 | 350.22 | 428.94 | OK | |
r-devel-linux-x86_64-fedora-clang | 0.3.4 | 1099.63 | OK | |||
r-devel-linux-x86_64-fedora-gcc | 0.3.4 | 1004.32 | OK | |||
r-devel-windows-x86_64 | 0.3.4 | 113.00 | 464.00 | 577.00 | OK | |
r-patched-linux-x86_64 | 0.3.4 | 107.69 | 480.41 | 588.10 | OK | |
r-release-linux-x86_64 | 0.3.4 | 107.48 | 481.44 | 588.92 | OK | |
r-release-macos-arm64 | 0.3.4 | 229.00 | OK | |||
r-release-macos-x86_64 | 0.3.4 | 433.00 | OK | |||
r-release-windows-x86_64 | 0.3.4 | 119.00 | 492.00 | 611.00 | OK | |
r-oldrel-macos-arm64 | 0.3.4 | 238.00 | NOTE | |||
r-oldrel-macos-x86_64 | 0.3.4 | 355.00 | NOTE | |||
r-oldrel-windows-x86_64 | 0.3.4 | 148.00 | 666.00 | 814.00 | NOTE |
Version: 0.3.4
Check: installed package size
Result: NOTE
installed size is 9.5Mb
sub-directories of 1Mb or more:
extdata 3.0Mb
libs 4.0Mb
Flavors: r-oldrel-macos-arm64, r-oldrel-macos-x86_64, r-oldrel-windows-x86_64
These binaries (installable software) and packages are in development.
They may not be fully stable and should be used with caution. We make no claims about them.