Last updated on 2025-02-16 10:50:46 CET.
Flavor | Version | Tinstall | Tcheck | Ttotal | Status | Flags |
---|---|---|---|---|---|---|
r-devel-linux-x86_64-debian-clang | 2.0.0 | 9.47 | 93.90 | 103.37 | NOTE | |
r-devel-linux-x86_64-debian-gcc | 2.0.0 | 7.92 | 67.04 | 74.96 | NOTE | |
r-devel-linux-x86_64-fedora-clang | 2.0.0 | 197.74 | NOTE | |||
r-devel-linux-x86_64-fedora-gcc | 2.0.0 | 195.42 | NOTE | |||
r-devel-macos-arm64 | 2.0.0 | 62.00 | OK | |||
r-devel-macos-x86_64 | 2.0.0 | 133.00 | NOTE | |||
r-devel-windows-x86_64 | 2.0.0 | 13.00 | 116.00 | 129.00 | NOTE | |
r-patched-linux-x86_64 | 2.0.0 | 9.69 | 92.92 | 102.61 | OK | |
r-release-linux-x86_64 | 2.0.0 | 7.93 | 91.52 | 99.45 | OK | |
r-release-macos-arm64 | 2.0.0 | 59.00 | OK | |||
r-release-macos-x86_64 | 2.0.0 | 90.00 | OK | |||
r-release-windows-x86_64 | 2.0.0 | 11.00 | 120.00 | 131.00 | OK | |
r-oldrel-macos-arm64 | 2.0.0 | 71.00 | OK | |||
r-oldrel-macos-x86_64 | 2.0.0 | 134.00 | OK | |||
r-oldrel-windows-x86_64 | 2.0.0 | 14.00 | 140.00 | 154.00 | OK |
Version: 2.0.0
Check: DESCRIPTION meta-information
Result: NOTE
Missing dependency on R >= 4.1.0 because package code uses the pipe
|> or function shorthand \(...) syntax added in R 4.1.0.
File(s) using such syntax:
‘common.R’ ‘explotation.R’ ‘geodimension.R’ ‘geolevel.R’
‘relations.R’
Flavors: r-devel-linux-x86_64-debian-clang, r-devel-linux-x86_64-debian-gcc, r-devel-linux-x86_64-fedora-clang, r-devel-linux-x86_64-fedora-gcc, r-devel-macos-x86_64, r-devel-windows-x86_64
These binaries (installable software) and packages are in development.
They may not be fully stable and should be used with caution. We make no claims about them.