Last updated on 2025-02-16 10:50:46 CET.
Flavor | Version | Tinstall | Tcheck | Ttotal | Status | Flags |
---|---|---|---|---|---|---|
r-devel-linux-x86_64-debian-clang | 0.2.0 | 27.83 | 233.42 | 261.25 | OK | |
r-devel-linux-x86_64-debian-gcc | 0.2.0 | 15.92 | 147.44 | 163.36 | OK | |
r-devel-linux-x86_64-fedora-clang | 0.2.0 | 476.61 | NOTE | |||
r-devel-linux-x86_64-fedora-gcc | 0.2.0 | 406.34 | NOTE | |||
r-devel-macos-arm64 | 0.2.0 | 112.00 | OK | |||
r-devel-macos-x86_64 | 0.2.0 | 240.00 | OK | |||
r-devel-windows-x86_64 | 0.2.0 | 25.00 | 191.00 | 216.00 | OK | |
r-patched-linux-x86_64 | 0.2.0 | 28.25 | 219.03 | 247.28 | OK | |
r-release-linux-x86_64 | 0.2.0 | 27.92 | 217.98 | 245.90 | OK | |
r-release-macos-arm64 | 0.2.0 | 120.00 | OK | |||
r-release-macos-x86_64 | 0.2.0 | 363.00 | OK | |||
r-release-windows-x86_64 | 0.2.0 | 27.00 | 189.00 | 216.00 | OK | |
r-oldrel-macos-arm64 | 0.2.0 | 117.00 | OK | |||
r-oldrel-macos-x86_64 | 0.2.0 | 286.00 | OK | |||
r-oldrel-windows-x86_64 | 0.2.0 | 38.00 | 255.00 | 293.00 | OK |
Version: 0.2.0
Check: dependencies in R code
Result: NOTE
Namespace in Imports field not imported from: ‘luz’
All declared Imports should be used.
Flavors: r-devel-linux-x86_64-fedora-clang, r-devel-linux-x86_64-fedora-gcc
These binaries (installable software) and packages are in development.
They may not be fully stable and should be used with caution. We make no claims about them.