Last updated on 2025-05-08 04:52:05 CEST.
Flavor | Version | Tinstall | Tcheck | Ttotal | Status | Flags |
---|---|---|---|---|---|---|
r-devel-linux-x86_64-debian-clang | 0.2.0 | 29.97 | 258.65 | 288.62 | OK | |
r-devel-linux-x86_64-debian-gcc | 0.2.0 | 21.95 | 172.45 | 194.40 | OK | |
r-devel-linux-x86_64-fedora-clang | 0.2.0 | 460.05 | NOTE | |||
r-devel-linux-x86_64-fedora-gcc | 0.2.0 | 489.68 | NOTE | |||
r-devel-windows-x86_64 | 0.2.0 | 28.00 | 217.00 | 245.00 | OK | |
r-patched-linux-x86_64 | 0.2.0 | 30.34 | 248.31 | 278.65 | OK | |
r-release-linux-x86_64 | 0.2.0 | 28.58 | 243.31 | 271.89 | OK | |
r-release-macos-arm64 | 0.2.0 | 119.00 | OK | |||
r-release-macos-x86_64 | 0.2.0 | 240.00 | OK | |||
r-release-windows-x86_64 | 0.2.0 | 29.00 | 219.00 | 248.00 | OK | |
r-oldrel-macos-arm64 | 0.2.0 | 120.00 | OK | |||
r-oldrel-macos-x86_64 | 0.2.0 | 363.00 | OK | |||
r-oldrel-windows-x86_64 | 0.2.0 | 41.00 | 289.00 | 330.00 | OK |
Version: 0.2.0
Check: dependencies in R code
Result: NOTE
Namespace in Imports field not imported from: ‘luz’
All declared Imports should be used.
Flavors: r-devel-linux-x86_64-fedora-clang, r-devel-linux-x86_64-fedora-gcc
These binaries (installable software) and packages are in development.
They may not be fully stable and should be used with caution. We make no claims about them.