Last updated on 2025-11-13 17:50:35 CET.
| Flavor | Version | Tinstall | Tcheck | Ttotal | Status | Flags |
|---|---|---|---|---|---|---|
| r-devel-linux-x86_64-debian-clang | 2.0.0 | 5.67 | 45.78 | 51.45 | OK | |
| r-devel-linux-x86_64-debian-gcc | 2.0.0 | 4.37 | 36.36 | 40.73 | OK | |
| r-devel-linux-x86_64-fedora-clang | 2.0.0 | 28.00 | 53.87 | 81.87 | OK | |
| r-devel-linux-x86_64-fedora-gcc | 2.0.0 | 15.00 | 64.97 | 79.97 | OK | |
| r-devel-windows-x86_64 | 2.0.0 | 8.00 | 57.00 | 65.00 | OK | |
| r-patched-linux-x86_64 | 2.0.0 | 5.40 | 42.71 | 48.11 | OK | |
| r-release-linux-x86_64 | 2.0.0 | 5.33 | 42.69 | 48.02 | OK | |
| r-release-macos-arm64 | 2.0.0 | 3.00 | 27.00 | 30.00 | OK | |
| r-release-macos-x86_64 | 2.0.0 | 5.00 | 37.00 | 42.00 | OK | |
| r-release-windows-x86_64 | 2.0.0 | 8.00 | 55.00 | 63.00 | OK | |
| r-oldrel-macos-arm64 | 2.0.0 | 2.00 | 22.00 | 24.00 | NOTE | |
| r-oldrel-macos-x86_64 | 2.0.0 | 4.00 | 32.00 | 36.00 | NOTE | |
| r-oldrel-windows-x86_64 | 2.0.0 | 10.00 | 67.00 | 77.00 | NOTE |
Version: 2.0.0
Check: LazyData
Result: NOTE
'LazyData' is specified without a 'data' directory
Flavors: r-oldrel-macos-arm64, r-oldrel-macos-x86_64, r-oldrel-windows-x86_64
These binaries (installable software) and packages are in development.
They may not be fully stable and should be used with caution. We make no claims about them.