Last updated on 2025-05-01 15:49:32 CEST.
Flavor | Version | Tinstall | Tcheck | Ttotal | Status | Flags |
---|---|---|---|---|---|---|
r-devel-linux-x86_64-debian-clang | 0.2.2 | 8.44 | 80.04 | 88.48 | NOTE | |
r-devel-linux-x86_64-debian-gcc | 0.2.2 | 5.83 | 59.32 | 65.15 | NOTE | |
r-devel-linux-x86_64-fedora-clang | 0.2.2 | 135.66 | OK | |||
r-devel-linux-x86_64-fedora-gcc | 0.2.2 | 131.98 | OK | |||
r-devel-windows-x86_64 | 0.2.2 | 11.00 | 98.00 | 109.00 | OK | |
r-patched-linux-x86_64 | 0.2.2 | 8.50 | 75.47 | 83.97 | OK | |
r-release-linux-x86_64 | OK | |||||
r-release-macos-arm64 | 0.2.2 | 46.00 | OK | |||
r-release-macos-x86_64 | 0.2.2 | 76.00 | OK | |||
r-release-windows-x86_64 | 0.2.2 | 12.00 | 100.00 | 112.00 | OK | |
r-oldrel-macos-arm64 | 0.2.2 | 39.00 | OK | |||
r-oldrel-macos-x86_64 | 0.2.2 | 58.00 | OK | |||
r-oldrel-windows-x86_64 | 0.2.2 | 14.00 | 116.00 | 130.00 | OK |
Version: 0.2.2
Check: CRAN incoming feasibility
Result: NOTE
Maintainer: ‘Anja Kleebaum <kleebaum@informatik.uni-heidelberg.de>’
No Authors@R field in DESCRIPTION.
Please add one, modifying
Authors@R: person(given = "Anja",
family = "Kleebaum",
role = c("aut", "cre"),
email = "kleebaum@informatik.uni-heidelberg.de")
as necessary.
Flavors: r-devel-linux-x86_64-debian-clang, r-devel-linux-x86_64-debian-gcc
These binaries (installable software) and packages are in development.
They may not be fully stable and should be used with caution. We make no claims about them.