Last updated on 2024-07-27 15:50:18 CEST.
Flavor | Version | Tinstall | Tcheck | Ttotal | Status | Flags |
---|---|---|---|---|---|---|
r-devel-linux-x86_64-debian-clang | 0.2.1 | 36.56 | 526.63 | 563.19 | OK | |
r-devel-linux-x86_64-debian-gcc | 0.2.1 | OK | ||||
r-devel-linux-x86_64-fedora-clang | 0.2.1 | 675.67 | NOTE | |||
r-devel-linux-x86_64-fedora-gcc | 0.2.1 | 692.38 | NOTE | |||
r-devel-windows-x86_64 | 0.2.1 | 27.00 | 307.00 | 334.00 | OK | |
r-patched-linux-x86_64 | 0.2.1 | OK | ||||
r-release-linux-x86_64 | 0.2.1 | 20.30 | 482.22 | 502.52 | OK | |
r-release-macos-arm64 | 0.2.1 | 152.00 | OK | |||
r-release-macos-x86_64 | 0.2.1 | 247.00 | OK | |||
r-release-windows-x86_64 | 0.2.1 | 26.00 | 294.00 | 320.00 | OK | |
r-oldrel-macos-arm64 | 0.2.1 | 96.00 | OK | |||
r-oldrel-macos-x86_64 | 0.2.1 | 231.00 | OK | |||
r-oldrel-windows-x86_64 | 0.2.1 | 33.00 | 425.00 | 458.00 | OK |
Version: 0.2.1
Check: data for non-ASCII characters
Result: NOTE
Note: found 646 marked UTF-8 strings
Flavors: r-devel-linux-x86_64-fedora-clang, r-devel-linux-x86_64-fedora-gcc
These binaries (installable software) and packages are in development.
They may not be fully stable and should be used with caution. We make no claims about them.