Last updated on 2025-02-02 14:48:23 CET.
Flavor | Version | Tinstall | Tcheck | Ttotal | Status | Flags |
---|---|---|---|---|---|---|
r-devel-linux-x86_64-debian-clang | 1.1.2 | 43.52 | 30.49 | 74.01 | OK | |
r-devel-linux-x86_64-debian-gcc | 1.1.2 | 32.79 | 23.98 | 56.77 | OK | |
r-devel-linux-x86_64-fedora-clang | 1.1.2 | 140.55 | OK | |||
r-devel-linux-x86_64-fedora-gcc | 1.1.2 | 159.83 | OK | |||
r-devel-windows-x86_64 | 1.1.2 | 44.00 | 77.00 | 121.00 | OK | |
r-patched-linux-x86_64 | 1.1.2 | 45.55 | 28.97 | 74.52 | OK | |
r-release-linux-x86_64 | 1.1.2 | 44.89 | 29.14 | 74.03 | OK | |
r-release-macos-arm64 | 1.1.2 | 46.00 | NOTE | |||
r-release-macos-x86_64 | 1.1.2 | 94.00 | NOTE | |||
r-release-windows-x86_64 | 1.1.2 | 45.00 | 77.00 | 122.00 | OK | |
r-oldrel-macos-arm64 | 1.1.2 | 67.00 | NOTE | |||
r-oldrel-macos-x86_64 | 1.1.2 | 87.00 | NOTE | |||
r-oldrel-windows-x86_64 | 1.1.2 | 52.00 | 82.00 | 134.00 | OK |
Version: 1.1.2
Check: installed package size
Result: NOTE
installed size is 6.3Mb
sub-directories of 1Mb or more:
doc 1.3Mb
libs 4.9Mb
Flavors: r-release-macos-arm64, r-release-macos-x86_64, r-oldrel-macos-arm64, r-oldrel-macos-x86_64
These binaries (installable software) and packages are in development.
They may not be fully stable and should be used with caution. We make no claims about them.