CRAN Package Check Results for Package geojsonR

Last updated on 2025-05-08 04:52:05 CEST.

Flavor Version Tinstall Tcheck Ttotal Status Flags
r-devel-linux-x86_64-debian-clang 1.1.2 42.13 32.73 74.86 OK
r-devel-linux-x86_64-debian-gcc 1.1.2 32.13 25.90 58.03 OK
r-devel-linux-x86_64-fedora-clang 1.1.2 134.78 OK
r-devel-linux-x86_64-fedora-gcc 1.1.2 163.27 OK
r-devel-windows-x86_64 1.1.2 50.00 76.00 126.00 OK
r-patched-linux-x86_64 1.1.2 44.62 29.87 74.49 OK
r-release-linux-x86_64 1.1.2 43.98 30.15 74.13 OK
r-release-macos-arm64 1.1.2 51.00 OK
r-release-macos-x86_64 1.1.2 65.00 OK
r-release-windows-x86_64 1.1.2 50.00 80.00 130.00 OK
r-oldrel-macos-arm64 1.1.2 46.00 NOTE
r-oldrel-macos-x86_64 1.1.2 94.00 NOTE
r-oldrel-windows-x86_64 1.1.2 58.00 89.00 147.00 OK

Check Details

Version: 1.1.2
Check: installed package size
Result: NOTE installed size is 6.3Mb sub-directories of 1Mb or more: doc 1.3Mb libs 4.9Mb Flavors: r-oldrel-macos-arm64, r-oldrel-macos-x86_64

These binaries (installable software) and packages are in development.
They may not be fully stable and should be used with caution. We make no claims about them.