CRAN Package Check Results for Package geojsonsf

Last updated on 2025-07-05 01:49:23 CEST.

Flavor Version Tinstall Tcheck Ttotal Status Flags
r-devel-linux-x86_64-debian-clang 2.0.3 53.18 32.15 85.33 NOTE
r-devel-linux-x86_64-debian-gcc 2.0.3 40.35 26.26 66.61 NOTE
r-devel-linux-x86_64-fedora-clang 2.0.3 152.35 NOTE
r-devel-linux-x86_64-fedora-gcc 2.0.3 175.17 NOTE
r-devel-windows-x86_64 2.0.3 61.00 73.00 134.00 NOTE
r-patched-linux-x86_64 2.0.3 59.71 29.61 89.32 NOTE
r-release-linux-x86_64 2.0.3 56.46 29.46 85.92 NOTE
r-release-macos-arm64 2.0.3 66.00 NOTE
r-release-macos-x86_64 2.0.3 71.00 NOTE
r-release-windows-x86_64 2.0.3 64.00 75.00 139.00 NOTE
r-oldrel-macos-arm64 2.0.3 52.00 NOTE
r-oldrel-macos-x86_64 2.0.3 63.00 NOTE
r-oldrel-windows-x86_64 2.0.3 71.00 90.00 161.00 NOTE

Check Details

Version: 2.0.3
Check: C++ specification
Result: NOTE Specified C++11: please drop specification unless essential Flavors: r-devel-linux-x86_64-debian-clang, r-devel-linux-x86_64-debian-gcc, r-devel-linux-x86_64-fedora-clang, r-devel-linux-x86_64-fedora-gcc, r-devel-windows-x86_64, r-patched-linux-x86_64, r-release-linux-x86_64, r-release-macos-arm64, r-release-macos-x86_64, r-release-windows-x86_64, r-oldrel-macos-arm64, r-oldrel-macos-x86_64, r-oldrel-windows-x86_64

Version: 2.0.3
Check: installed package size
Result: NOTE installed size is 6.4Mb sub-directories of 1Mb or more: help 1.3Mb libs 4.4Mb Flavors: r-oldrel-macos-arm64, r-oldrel-macos-x86_64

These binaries (installable software) and packages are in development.
They may not be fully stable and should be used with caution. We make no claims about them.