Last updated on 2025-05-01 08:52:33 CEST.
Flavor | Version | Tinstall | Tcheck | Ttotal | Status | Flags |
---|---|---|---|---|---|---|
r-devel-linux-x86_64-debian-clang | 2.0.3 | 48.30 | 31.74 | 80.04 | NOTE | |
r-devel-linux-x86_64-debian-gcc | 2.0.3 | 41.65 | 26.10 | 67.75 | NOTE | |
r-devel-linux-x86_64-fedora-clang | 2.0.3 | 151.46 | NOTE | |||
r-devel-linux-x86_64-fedora-gcc | 2.0.3 | 175.74 | NOTE | |||
r-devel-windows-x86_64 | 2.0.3 | 63.00 | 74.00 | 137.00 | NOTE | |
r-patched-linux-x86_64 | 2.0.3 | 55.65 | 29.84 | 85.49 | NOTE | |
r-release-linux-x86_64 | NOTE | |||||
r-release-macos-arm64 | 2.0.3 | 66.00 | NOTE | |||
r-release-macos-x86_64 | 2.0.3 | 71.00 | NOTE | |||
r-release-windows-x86_64 | 2.0.3 | 65.00 | 80.00 | 145.00 | NOTE | |
r-oldrel-macos-arm64 | 2.0.3 | 52.00 | NOTE | |||
r-oldrel-macos-x86_64 | 2.0.3 | 63.00 | NOTE | |||
r-oldrel-windows-x86_64 | 2.0.3 | 68.00 | 85.00 | 153.00 | NOTE |
Version: 2.0.3
Check: C++ specification
Result: NOTE
Specified C++11: please drop specification unless essential
Flavors: r-devel-linux-x86_64-debian-clang, r-devel-linux-x86_64-debian-gcc, r-devel-linux-x86_64-fedora-clang, r-devel-linux-x86_64-fedora-gcc, r-devel-windows-x86_64, r-patched-linux-x86_64, r-release-linux-x86_64, r-release-macos-arm64, r-release-macos-x86_64, r-release-windows-x86_64, r-oldrel-macos-arm64, r-oldrel-macos-x86_64, r-oldrel-windows-x86_64
Version: 2.0.3
Check: installed package size
Result: NOTE
installed size is 6.4Mb
sub-directories of 1Mb or more:
help 1.3Mb
libs 4.4Mb
Flavors: r-oldrel-macos-arm64, r-oldrel-macos-x86_64
These binaries (installable software) and packages are in development.
They may not be fully stable and should be used with caution. We make no claims about them.