Last updated on 2025-10-02 23:48:52 CEST.
Flavor | Version | Tinstall | Tcheck | Ttotal | Status | Flags |
---|---|---|---|---|---|---|
r-devel-linux-x86_64-debian-clang | 2.0.3 | 50.28 | 33.39 | 83.67 | NOTE | |
r-devel-linux-x86_64-debian-gcc | 2.0.3 | 42.00 | 26.80 | 68.80 | NOTE | |
r-devel-linux-x86_64-fedora-clang | 2.0.3 | 147.51 | NOTE | |||
r-devel-linux-x86_64-fedora-gcc | 2.0.3 | 175.59 | NOTE | |||
r-devel-windows-x86_64 | 2.0.3 | 65.00 | 74.00 | 139.00 | NOTE | |
r-patched-linux-x86_64 | 2.0.3 | 56.38 | 30.54 | 86.92 | NOTE | |
r-release-linux-x86_64 | 2.0.3 | 58.54 | 30.79 | 89.33 | NOTE | |
r-release-macos-arm64 | 2.0.3 | 66.00 | NOTE | |||
r-release-macos-x86_64 | 2.0.3 | 71.00 | NOTE | |||
r-release-windows-x86_64 | 2.0.3 | 61.00 | 75.00 | 136.00 | NOTE | |
r-oldrel-macos-arm64 | 2.0.3 | 52.00 | NOTE | |||
r-oldrel-macos-x86_64 | 2.0.3 | 63.00 | NOTE | |||
r-oldrel-windows-x86_64 | 2.0.3 | 73.00 | 87.00 | 160.00 | NOTE |
Version: 2.0.3
Check: C++ specification
Result: NOTE
Specified C++11: please drop specification unless essential
Flavors: r-devel-linux-x86_64-debian-clang, r-devel-linux-x86_64-debian-gcc, r-devel-linux-x86_64-fedora-clang, r-devel-linux-x86_64-fedora-gcc, r-devel-windows-x86_64, r-patched-linux-x86_64, r-release-linux-x86_64, r-release-macos-arm64, r-release-macos-x86_64, r-release-windows-x86_64, r-oldrel-macos-arm64, r-oldrel-macos-x86_64, r-oldrel-windows-x86_64
Version: 2.0.3
Check: installed package size
Result: NOTE
installed size is 6.4Mb
sub-directories of 1Mb or more:
help 1.3Mb
libs 4.4Mb
Flavors: r-oldrel-macos-arm64, r-oldrel-macos-x86_64
These binaries (installable software) and packages are in development.
They may not be fully stable and should be used with caution. We make no claims about them.