CRAN Package Check Results for Package geomander

Last updated on 2025-07-25 13:50:20 CEST.

Flavor Version Tinstall Tcheck Ttotal Status Flags
r-devel-linux-x86_64-debian-clang 2.3.0 39.74 179.63 219.37 NOTE
r-devel-linux-x86_64-debian-gcc 2.3.0 27.33 120.74 148.07 NOTE
r-devel-linux-x86_64-fedora-clang 2.3.0 356.00 NOTE
r-devel-linux-x86_64-fedora-gcc 2.3.0 364.79 NOTE
r-devel-windows-x86_64 2.3.0 50.00 211.00 261.00 NOTE
r-patched-linux-x86_64 2.3.0 36.66 165.83 202.49 NOTE
r-release-linux-x86_64 2.3.0 39.76 166.32 206.08 NOTE
r-release-macos-arm64 2.3.0 97.00 NOTE
r-release-macos-x86_64 2.3.0 187.00 NOTE
r-release-windows-x86_64 2.3.0 51.00 210.00 261.00 NOTE
r-oldrel-macos-arm64 2.3.0 90.00 OK
r-oldrel-macos-x86_64 2.3.0 141.00 OK
r-oldrel-windows-x86_64 2.3.0 57.00 278.00 335.00 OK

Check Details

Version: 2.3.0
Check: DESCRIPTION meta-information
Result: NOTE Missing dependency on R >= 4.1.0 because package code uses the pipe |> or function shorthand \(...) syntax added in R 4.1.0. File(s) using such syntax: ‘dra_vtd.R’ ‘heda.R’ ‘lewis.R’ ‘regionalize.R’ Flavors: r-devel-linux-x86_64-debian-clang, r-devel-linux-x86_64-debian-gcc, r-devel-linux-x86_64-fedora-clang, r-devel-linux-x86_64-fedora-gcc, r-devel-windows-x86_64, r-patched-linux-x86_64, r-release-linux-x86_64, r-release-macos-arm64, r-release-macos-x86_64, r-release-windows-x86_64

These binaries (installable software) and packages are in development.
They may not be fully stable and should be used with caution. We make no claims about them.