CRAN Package Check Results for Package geomaroc

Last updated on 2025-07-19 09:48:29 CEST.

Flavor Version Tinstall Tcheck Ttotal Status Flags
r-devel-linux-x86_64-debian-clang 0.1.1 1.87 23.60 25.47 OK
r-devel-linux-x86_64-debian-gcc 0.1.1 1.59 19.19 20.78 OK
r-devel-linux-x86_64-fedora-clang 0.1.1 43.41 OK
r-devel-linux-x86_64-fedora-gcc 0.1.1 57.38 OK
r-devel-windows-x86_64 0.1.1 4.00 45.00 49.00 OK
r-patched-linux-x86_64 0.1.1 2.19 22.48 24.67 OK
r-release-linux-x86_64 0.1.1 1.78 22.20 23.98 OK
r-release-macos-arm64 0.1.1 36.00 OK
r-release-macos-x86_64 0.1.1 77.00 OK
r-release-windows-x86_64 0.1.1 3.00 45.00 48.00 OK
r-oldrel-macos-arm64 0.1.1 23.00 NOTE
r-oldrel-macos-x86_64 0.1.1 36.00 NOTE
r-oldrel-windows-x86_64 0.1.1 4.00 49.00 53.00 NOTE

Check Details

Version: 0.1.1
Check: package dependencies
Result: NOTE Package suggested but not available for checking: ‘geomarocdata’ Flavors: r-oldrel-macos-arm64, r-oldrel-macos-x86_64, r-oldrel-windows-x86_64

These binaries (installable software) and packages are in development.
They may not be fully stable and should be used with caution. We make no claims about them.