CRAN Package Check Results for Package geomaroc

Last updated on 2025-02-23 01:51:40 CET.

Flavor Version Tinstall Tcheck Ttotal Status Flags
r-devel-linux-x86_64-debian-clang 0.1.1 1.74 22.77 24.51 OK
r-devel-linux-x86_64-debian-gcc 0.1.1 1.61 18.25 19.86 OK
r-devel-linux-x86_64-fedora-clang 0.1.1 42.23 OK
r-devel-linux-x86_64-fedora-gcc 0.1.1 53.61 OK
r-devel-macos-arm64 0.1.1 25.00 OK
r-devel-macos-x86_64 0.1.1 60.00 OK
r-devel-windows-x86_64 0.1.1 3.00 45.00 48.00 OK
r-patched-linux-x86_64 0.1.1 2.01 21.74 23.75 NOTE
r-release-linux-x86_64 0.1.1 1.36 21.78 23.14 NOTE
r-release-macos-arm64 0.1.1 23.00 NOTE
r-release-macos-x86_64 0.1.1 36.00 NOTE
r-release-windows-x86_64 0.1.1 3.00 45.00 48.00 NOTE
r-oldrel-macos-arm64 0.1.1 22.00 NOTE
r-oldrel-macos-x86_64 0.1.1 31.00 NOTE
r-oldrel-windows-x86_64 0.1.1 4.00 47.00 51.00 NOTE

Check Details

Version: 0.1.1
Check: package dependencies
Result: NOTE Package suggested but not available for checking: ‘geomarocdata’ Flavors: r-patched-linux-x86_64, r-release-linux-x86_64, r-release-macos-arm64, r-release-macos-x86_64, r-release-windows-x86_64, r-oldrel-macos-arm64, r-oldrel-macos-x86_64, r-oldrel-windows-x86_64

These binaries (installable software) and packages are in development.
They may not be fully stable and should be used with caution. We make no claims about them.