Last updated on 2025-05-23 07:51:00 CEST.
Flavor | Version | Tinstall | Tcheck | Ttotal | Status | Flags |
---|---|---|---|---|---|---|
r-devel-linux-x86_64-debian-clang | 0.3.4 | 33.69 | 232.54 | 266.23 | NOTE | |
r-devel-linux-x86_64-debian-gcc | 0.3.4 | 23.92 | 183.10 | 207.02 | NOTE | |
r-devel-linux-x86_64-fedora-clang | 0.3.4 | 500.80 | OK | |||
r-devel-linux-x86_64-fedora-gcc | 0.3.4 | 478.74 | OK | |||
r-devel-windows-x86_64 | 0.3.4 | 30.00 | 212.00 | 242.00 | OK | |
r-patched-linux-x86_64 | 0.3.4 | 29.87 | 264.04 | 293.91 | OK | |
r-release-linux-x86_64 | 0.3.4 | 35.06 | 261.27 | 296.33 | OK | |
r-release-macos-arm64 | 0.3.4 | 117.00 | OK | |||
r-release-macos-x86_64 | 0.3.4 | 209.00 | OK | |||
r-release-windows-x86_64 | 0.3.4 | 30.00 | 211.00 | 241.00 | OK | |
r-oldrel-macos-arm64 | 0.3.4 | 96.00 | OK | |||
r-oldrel-macos-x86_64 | 0.3.4 | 169.00 | OK | |||
r-oldrel-windows-x86_64 | 0.3.4 | 40.00 | 289.00 | 329.00 | OK |
Version: 0.3.4
Check: CRAN incoming feasibility
Result: NOTE
Maintainer: ‘Karsten Donnay <kdonnay@gmx.net>’
No Authors@R field in DESCRIPTION.
Please add one, modifying
Authors@R: c(person(given = "Karsten",
family = "Donnay",
role = c("aut", "cre"),
email = "kdonnay@gmx.net"),
person(given = c("Andrew", "M."),
family = "Linke",
role = "aut"))
as necessary.
Flavors: r-devel-linux-x86_64-debian-clang, r-devel-linux-x86_64-debian-gcc
These binaries (installable software) and packages are in development.
They may not be fully stable and should be used with caution. We make no claims about them.